157.90.181.151 - - [06/Dec/2022:05:57:48 -0800] "GET /ssl/CupSaucerCrownDucal/?C=N;O=A HTTP/1.1" 200 492 "-" "Mozilla/5.0 (compatible; BLEXBot/1.0; +http://webmeup-crawler.com/)" "devoogel.net"
114.119.157.57 - - [06/Dec/2022:05:57:52 -0800] "GET /ssl/GlassesPlaid/?C=N%3BO%3DD HTTP/1.1" 200 427 "https://www.devoogel.net/ssl/GlassesPlaid/" "Mozilla/5.0 (Linux; Android 7.0;) AppleWebKit/537.36 (KHTML, like Gecko) Mobile Safari/537.36 (compatible; PetalBot;+https://webmaster.petalsearch.com/site/petalbot)" "www.devoogel.net"
157.90.181.151 - - [06/Dec/2022:05:57:52 -0800] "GET /ssl/CupSaucerCrownDucal/?C=S;O=D HTTP/1.1" 200 491 "-" "Mozilla/5.0 (compatible; BLEXBot/1.0; +http://webmeup-crawler.com/)" "devoogel.net"
157.90.181.151 - - [06/Dec/2022:05:57:56 -0800] "GET /ssl/CupSaucerMellonTaylor/ HTTP/1.1" 200 450 "-" "Mozilla/5.0 (compatible; BLEXBot/1.0; +http://webmeup-crawler.com/)" "devoogel.net"
157.90.181.151 - - [06/Dec/2022:05:58:03 -0800] "GET /ssl/CupSaucerMellonTaylor/?C=D;O=D HTTP/1.1" 200 448 "-" "Mozilla/5.0 (compatible; BLEXBot/1.0; +http://webmeup-crawler.com/)" "devoogel.net"
51.222.253.10 - - [06/Dec/2022:05:58:04 -0800] "GET /Peru_box/?C=S;O=D HTTP/1.1" 200 462 "-" "Mozilla/5.0 (compatible; AhrefsBot/7.0; +http://ahrefs.com/robot/)" "www.devoogel.net"
157.90.181.151 - - [06/Dec/2022:05:58:07 -0800] "GET /ssl/CupSaucerMellonTaylor/?C=M;O=D HTTP/1.1" 200 448 "-" "Mozilla/5.0 (compatible; BLEXBot/1.0; +http://webmeup-crawler.com/)" "devoogel.net"
157.90.181.151 - - [06/Dec/2022:05:58:13 -0800] "GET /ssl/CupSaucerMellonTaylor/?C=N;O=A HTTP/1.1" 200 450 "-" "Mozilla/5.0 (compatible; BLEXBot/1.0; +http://webmeup-crawler.com/)" "devoogel.net"
157.90.181.151 - - [06/Dec/2022:05:58:20 -0800] "GET /ssl/CupSaucerMellonTaylor/?C=S;O=D HTTP/1.1" 200 446 "-" "Mozilla/5.0 (compatible; BLEXBot/1.0; +http://webmeup-crawler.com/)" "devoogel.net"
157.90.181.151 - - [06/Dec/2022:05:58:23 -0800] "GET /ssl/CupsAdamsTeaLeaf/ HTTP/1.1" 200 491 "-" "Mozilla/5.0 (compatible; BLEXBot/1.0; +http://webmeup-crawler.com/)" "devoogel.net"
157.90.181.151 - - [06/Dec/2022:05:58:28 -0800] "GET /ssl/CupsAdamsTeaLeaf/?C=D;O=D HTTP/1.1" 200 487 "-" "Mozilla/5.0 (compatible; BLEXBot/1.0; +http://webmeup-crawler.com/)" "devoogel.net"
157.90.181.151 - - [06/Dec/2022:05:58:32 -0800] "GET /ssl/CupsAdamsTeaLeaf/?C=M;O=D HTTP/1.1" 200 487 "-" "Mozilla/5.0 (compatible; BLEXBot/1.0; +http://webmeup-crawler.com/)" "devoogel.net"
157.90.181.151 - - [06/Dec/2022:05:58:35 -0800] "GET /ssl/CupsAdamsTeaLeaf/?C=N;O=A HTTP/1.1" 200 491 "-" "Mozilla/5.0 (compatible; BLEXBot/1.0; +http://webmeup-crawler.com/)" "devoogel.net"
157.90.181.151 - - [06/Dec/2022:05:58:41 -0800] "GET /ssl/CupsAdamsTeaLeaf/?C=S;O=D HTTP/1.1" 200 490 "-" "Mozilla/5.0 (compatible; BLEXBot/1.0; +http://webmeup-crawler.com/)" "devoogel.net"
157.90.181.151 - - [06/Dec/2022:05:58:49 -0800] "GET /ssl/CupsLikeBlock/ HTTP/1.1" 200 431 "-" "Mozilla/5.0 (compatible; BLEXBot/1.0; +http://webmeup-crawler.com/)" "devoogel.net"
157.90.181.151 - - [06/Dec/2022:05:58:52 -0800] "GET /ssl/CupsLikeBlock/?C=D;O=D HTTP/1.1" 200 429 "-" "Mozilla/5.0 (compatible; BLEXBot/1.0; +http://webmeup-crawler.com/)" "devoogel.net"
157.90.181.151 - - [06/Dec/2022:05:58:57 -0800] "GET /ssl/CupsLikeBlock/?C=M;O=D HTTP/1.1" 200 429 "-" "Mozilla/5.0 (compatible; BLEXBot/1.0; +http://webmeup-crawler.com/)" "devoogel.net"
157.90.181.151 - - [06/Dec/2022:05:59:01 -0800] "GET /ssl/CupsLikeBlock/?C=N;O=A HTTP/1.1" 200 431 "-" "Mozilla/5.0 (compatible; BLEXBot/1.0; +http://webmeup-crawler.com/)" "devoogel.net"
157.90.181.151 - - [06/Dec/2022:05:59:05 -0800] "GET /ssl/CupsLikeBlock/?C=S;O=D HTTP/1.1" 200 427 "-" "Mozilla/5.0 (compatible; BLEXBot/1.0; +http://webmeup-crawler.com/)" "devoogel.net"
157.90.181.151 - - [06/Dec/2022:05:59:09 -0800] "GET /ssl/DeerSculpt/ HTTP/1.1" 200 552 "-" "Mozilla/5.0 (compatible; BLEXBot/1.0; +http://webmeup-crawler.com/)" "devoogel.net"
157.90.181.151 - - [06/Dec/2022:05:59:13 -0800] "GET /ssl/DeerSculpt/?C=D;O=D HTTP/1.1" 200 555 "-" "Mozilla/5.0 (compatible; BLEXBot/1.0; +http://webmeup-crawler.com/)" "devoogel.net"
114.119.156.77 - - [06/Dec/2022:05:59:13 -0800] "GET /ssl/GeishaPlateOrg_2/ HTTP/1.1" 200 462 "https://www.devoogel.net/ssl/" "Mozilla/5.0 (Linux; Android 7.0;) AppleWebKit/537.36 (KHTML, like Gecko) Mobile Safari/537.36 (compatible; PetalBot;+https://webmaster.petalsearch.com/site/petalbot)" "www.devoogel.net"
157.90.181.151 - - [06/Dec/2022:05:59:16 -0800] "GET /ssl/DeerSculpt/?C=M;O=D HTTP/1.1" 200 550 "-" "Mozilla/5.0 (compatible; BLEXBot/1.0; +http://webmeup-crawler.com/)" "devoogel.net"
157.90.181.151 - - [06/Dec/2022:05:59:20 -0800] "GET /ssl/DeerSculpt/?C=N;O=A HTTP/1.1" 200 552 "-" "Mozilla/5.0 (compatible; BLEXBot/1.0; +http://webmeup-crawler.com/)" "devoogel.net"
157.90.181.151 - - [06/Dec/2022:05:59:23 -0800] "GET /ssl/DeerSculpt/?C=S;O=D HTTP/1.1" 200 557 "-" "Mozilla/5.0 (compatible; BLEXBot/1.0; +http://webmeup-crawler.com/)" "devoogel.net"
157.90.181.151 - - [06/Dec/2022:05:59:27 -0800] "GET /ssl/DelftTin/ HTTP/1.1" 200 576 "-" "Mozilla/5.0 (compatible; BLEXBot/1.0; +http://webmeup-crawler.com/)" "devoogel.net"
157.90.181.151 - - [06/Dec/2022:05:59:31 -0800] "GET /ssl/DelftTin/?C=D;O=D HTTP/1.1" 200 584 "-" "Mozilla/5.0 (compatible; BLEXBot/1.0; +http://webmeup-crawler.com/)" "devoogel.net"
157.90.181.151 - - [06/Dec/2022:05:59:36 -0800] "GET /ssl/DelftTin/?C=M;O=D HTTP/1.1" 200 574 "-" "Mozilla/5.0 (compatible; BLEXBot/1.0; +http://webmeup-crawler.com/)" "devoogel.net"
157.90.181.151 - - [06/Dec/2022:05:59:40 -0800] "GET /ssl/DelftTin/?C=N;O=A HTTP/1.1" 200 576 "-" "Mozilla/5.0 (compatible; BLEXBot/1.0; +http://webmeup-crawler.com/)" "devoogel.net"
157.90.181.151 - - [06/Dec/2022:05:59:47 -0800] "GET /ssl/DelftTin/?C=S;O=D HTTP/1.1" 200 580 "-" "Mozilla/5.0 (compatible; BLEXBot/1.0; +http://webmeup-crawler.com/)" "devoogel.net"
157.90.181.151 - - [06/Dec/2022:05:59:51 -0800] "GET /ssl/DemiCarlton/ HTTP/1.1" 200 530 "-" "Mozilla/5.0 (compatible; BLEXBot/1.0; +http://webmeup-crawler.com/)" "devoogel.net"
157.90.181.151 - - [06/Dec/2022:05:59:54 -0800] "GET /ssl/DemiCarlton/?C=D;O=D HTTP/1.1" 200 530 "-" "Mozilla/5.0 (compatible; BLEXBot/1.0; +http://webmeup-crawler.com/)" "devoogel.net"
157.90.181.151 - - [06/Dec/2022:05:59:58 -0800] "GET /ssl/DemiCarlton/?C=M;O=D HTTP/1.1" 200 527 "-" "Mozilla/5.0 (compatible; BLEXBot/1.0; +http://webmeup-crawler.com/)" "devoogel.net"
157.90.181.151 - - [06/Dec/2022:06:00:01 -0800] "GET /ssl/DemiCarlton/?C=N;O=A HTTP/1.1" 200 530 "-" "Mozilla/5.0 (compatible; BLEXBot/1.0; +http://webmeup-crawler.com/)" "devoogel.net"
157.90.181.151 - - [06/Dec/2022:06:00:04 -0800] "GET /ssl/DemiCarlton/?C=S;O=D HTTP/1.1" 200 531 "-" "Mozilla/5.0 (compatible; BLEXBot/1.0; +http://webmeup-crawler.com/)" "devoogel.net"
157.90.181.151 - - [06/Dec/2022:06:00:08 -0800] "GET /ssl/DemiChin/ HTTP/1.1" 200 417 "-" "Mozilla/5.0 (compatible; BLEXBot/1.0; +http://webmeup-crawler.com/)" "devoogel.net"
114.119.152.148 - - [06/Dec/2022:06:00:10 -0800] "GET /ssl/FlatwareGoldNuggetMeatFork/?C=M%3BO%3DA HTTP/1.1" 200 416 "https://www.devoogel.net/ssl/FlatwareGoldNuggetMeatFork/?C=D%3BO%3DA" "Mozilla/5.0 (Linux; Android 7.0;) AppleWebKit/537.36 (KHTML, like Gecko) Mobile Safari/537.36 (compatible; PetalBot;+https://webmaster.petalsearch.com/site/petalbot)" "www.devoogel.net"
157.90.181.151 - - [06/Dec/2022:06:00:12 -0800] "GET /ssl/DemiChin/?C=D;O=D HTTP/1.1" 200 410 "-" "Mozilla/5.0 (compatible; BLEXBot/1.0; +http://webmeup-crawler.com/)" "devoogel.net"
157.90.181.151 - - [06/Dec/2022:06:00:15 -0800] "GET /ssl/DemiChin/?C=M;O=D HTTP/1.1" 200 410 "-" "Mozilla/5.0 (compatible; BLEXBot/1.0; +http://webmeup-crawler.com/)" "devoogel.net"
157.90.181.151 - - [06/Dec/2022:06:00:19 -0800] "GET /ssl/DemiChin/?C=N;O=A HTTP/1.1" 200 417 "-" "Mozilla/5.0 (compatible; BLEXBot/1.0; +http://webmeup-crawler.com/)" "devoogel.net"
157.90.181.151 - - [06/Dec/2022:06:00:22 -0800] "GET /ssl/DemiChin/?C=S;O=D HTTP/1.1" 200 410 "-" "Mozilla/5.0 (compatible; BLEXBot/1.0; +http://webmeup-crawler.com/)" "devoogel.net"
157.90.181.151 - - [06/Dec/2022:06:00:25 -0800] "GET /ssl/DemiGoldBlue/ HTTP/1.1" 200 481 "-" "Mozilla/5.0 (compatible; BLEXBot/1.0; +http://webmeup-crawler.com/)" "devoogel.net"
157.90.181.151 - - [06/Dec/2022:06:00:28 -0800] "GET /ssl/DemiGoldBlue/?C=D;O=D HTTP/1.1" 200 478 "-" "Mozilla/5.0 (compatible; BLEXBot/1.0; +http://webmeup-crawler.com/)" "devoogel.net"
157.90.181.151 - - [06/Dec/2022:06:00:32 -0800] "GET /ssl/DemiGoldBlue/?C=M;O=D HTTP/1.1" 200 479 "-" "Mozilla/5.0 (compatible; BLEXBot/1.0; +http://webmeup-crawler.com/)" "devoogel.net"
157.90.181.151 - - [06/Dec/2022:06:00:36 -0800] "GET /ssl/DemiGoldBlue/?C=N;O=A HTTP/1.1" 200 481 "-" "Mozilla/5.0 (compatible; BLEXBot/1.0; +http://webmeup-crawler.com/)" "devoogel.net"
157.90.181.151 - - [06/Dec/2022:06:00:44 -0800] "GET /ssl/DemiGoldBlue/?C=S;O=D HTTP/1.1" 200 479 "-" "Mozilla/5.0 (compatible; BLEXBot/1.0; +http://webmeup-crawler.com/)" "devoogel.net"
157.90.181.151 - - [06/Dec/2022:06:00:47 -0800] "GET /ssl/DemiWillow/ HTTP/1.1" 200 492 "-" "Mozilla/5.0 (compatible; BLEXBot/1.0; +http://webmeup-crawler.com/)" "devoogel.net"
157.90.181.151 - - [06/Dec/2022:06:00:51 -0800] "GET /ssl/DemiWillow/?C=D;O=D HTTP/1.1" 200 487 "-" "Mozilla/5.0 (compatible; BLEXBot/1.0; +http://webmeup-crawler.com/)" "devoogel.net"
157.90.181.151 - - [06/Dec/2022:06:00:55 -0800] "GET /ssl/DemiWillow/?C=M;O=D HTTP/1.1" 200 487 "-" "Mozilla/5.0 (compatible; BLEXBot/1.0; +http://webmeup-crawler.com/)" "devoogel.net"
157.90.181.151 - - [06/Dec/2022:06:01:01 -0800] "GET /ssl/DemiWillow/?C=N;O=A HTTP/1.1" 200 492 "-" "Mozilla/5.0 (compatible; BLEXBot/1.0; +http://webmeup-crawler.com/)" "devoogel.net"
157.90.181.151 - - [06/Dec/2022:06:01:08 -0800] "GET /ssl/DemiWillow/?C=S;O=D HTTP/1.1" 200 490 "-" "Mozilla/5.0 (compatible; BLEXBot/1.0; +http://webmeup-crawler.com/)" "devoogel.net"
157.90.181.151 - - [06/Dec/2022:06:01:15 -0800] "GET /ssl/DemiWillowSingle/ HTTP/1.1" 200 389 "-" "Mozilla/5.0 (compatible; BLEXBot/1.0; +http://webmeup-crawler.com/)" "devoogel.net"
157.90.181.151 - - [06/Dec/2022:06:01:23 -0800] "GET /ssl/DemiWillowSingle/?C=D;O=D HTTP/1.1" 200 384 "-" "Mozilla/5.0 (compatible; BLEXBot/1.0; +http://webmeup-crawler.com/)" "devoogel.net"
157.90.181.151 - - [06/Dec/2022:06:01:29 -0800] "GET /ssl/DemiWillowSingle/?C=M;O=D HTTP/1.1" 200 384 "-" "Mozilla/5.0 (compatible; BLEXBot/1.0; +http://webmeup-crawler.com/)" "devoogel.net"
157.90.181.151 - - [06/Dec/2022:06:01:36 -0800] "GET /ssl/DemiWillowSingle/?C=N;O=A HTTP/1.1" 200 389 "-" "Mozilla/5.0 (compatible; BLEXBot/1.0; +http://webmeup-crawler.com/)" "devoogel.net"
157.90.181.151 - - [06/Dec/2022:06:01:43 -0800] "GET /ssl/DemiWillowSingle/?C=S;O=D HTTP/1.1" 200 384 "-" "Mozilla/5.0 (compatible; BLEXBot/1.0; +http://webmeup-crawler.com/)" "devoogel.net"
157.90.181.151 - - [06/Dec/2022:06:01:50 -0800] "GET /ssl/DessertPeony/ HTTP/1.1" 200 474 "-" "Mozilla/5.0 (compatible; BLEXBot/1.0; +http://webmeup-crawler.com/)" "devoogel.net"
157.90.181.151 - - [06/Dec/2022:06:01:57 -0800] "GET /ssl/DessertPeony/?C=D;O=D HTTP/1.1" 200 468 "-" "Mozilla/5.0 (compatible; BLEXBot/1.0; +http://webmeup-crawler.com/)" "devoogel.net"
157.90.181.151 - - [06/Dec/2022:06:02:06 -0800] "GET /ssl/DessertPeony/?C=M;O=D HTTP/1.1" 200 467 "-" "Mozilla/5.0 (compatible; BLEXBot/1.0; +http://webmeup-crawler.com/)" "devoogel.net"
114.119.140.186 - - [06/Dec/2022:06:02:11 -0800] "GET /ssl/FlatwareGoldNuggetGravyLadle/?C=S%3BO%3DA HTTP/1.1" 200 421 "https://www.devoogel.net/ssl/FlatwareGoldNuggetGravyLadle/" "Mozilla/5.0 (Linux; Android 7.0;) AppleWebKit/537.36 (KHTML, like Gecko) Mobile Safari/537.36 (compatible; PetalBot;+https://webmaster.petalsearch.com/site/petalbot)" "www.devoogel.net"
157.90.181.151 - - [06/Dec/2022:06:02:13 -0800] "GET /ssl/DessertPeony/?C=N;O=A HTTP/1.1" 200 474 "-" "Mozilla/5.0 (compatible; BLEXBot/1.0; +http://webmeup-crawler.com/)" "devoogel.net"
157.90.181.151 - - [06/Dec/2022:06:02:17 -0800] "GET /ssl/DessertPeony/?C=S;O=D HTTP/1.1" 200 469 "-" "Mozilla/5.0 (compatible; BLEXBot/1.0; +http://webmeup-crawler.com/)" "devoogel.net"
157.90.181.151 - - [06/Dec/2022:06:02:23 -0800] "GET /ssl/DogClois/ HTTP/1.1" 200 450 "-" "Mozilla/5.0 (compatible; BLEXBot/1.0; +http://webmeup-crawler.com/)" "devoogel.net"
157.90.181.151 - - [06/Dec/2022:06:02:33 -0800] "GET /ssl/DogClois/?C=D;O=D HTTP/1.1" 200 448 "-" "Mozilla/5.0 (compatible; BLEXBot/1.0; +http://webmeup-crawler.com/)" "devoogel.net"
157.90.181.151 - - [06/Dec/2022:06:02:39 -0800] "GET /ssl/DogClois/?C=M;O=D HTTP/1.1" 200 448 "-" "Mozilla/5.0 (compatible; BLEXBot/1.0; +http://webmeup-crawler.com/)" "devoogel.net"
157.90.181.151 - - [06/Dec/2022:06:02:48 -0800] "GET /ssl/DogClois/?C=N;O=A HTTP/1.1" 200 450 "-" "Mozilla/5.0 (compatible; BLEXBot/1.0; +http://webmeup-crawler.com/)" "devoogel.net"
157.90.181.151 - - [06/Dec/2022:06:02:56 -0800] "GET /ssl/DogClois/?C=S;O=D HTTP/1.1" 200 446 "-" "Mozilla/5.0 (compatible; BLEXBot/1.0; +http://webmeup-crawler.com/)" "devoogel.net"
157.90.181.151 - - [06/Dec/2022:06:03:04 -0800] "GET /ssl/DoublePhoenix/ HTTP/1.1" 200 487 "-" "Mozilla/5.0 (compatible; BLEXBot/1.0; +http://webmeup-crawler.com/)" "devoogel.net"
157.90.181.151 - - [06/Dec/2022:06:03:11 -0800] "GET /ssl/DoublePhoenix/?C=D;O=D HTTP/1.1" 200 481 "-" "Mozilla/5.0 (compatible; BLEXBot/1.0; +http://webmeup-crawler.com/)" "devoogel.net"
157.90.181.151 - - [06/Dec/2022:06:03:18 -0800] "GET /ssl/DoublePhoenix/?C=M;O=D HTTP/1.1" 200 483 "-" "Mozilla/5.0 (compatible; BLEXBot/1.0; +http://webmeup-crawler.com/)" "devoogel.net"
157.90.181.151 - - [06/Dec/2022:06:03:24 -0800] "GET /ssl/DoublePhoenix/?C=N;O=A HTTP/1.1" 200 487 "-" "Mozilla/5.0 (compatible; BLEXBot/1.0; +http://webmeup-crawler.com/)" "devoogel.net"
157.90.181.151 - - [06/Dec/2022:06:03:33 -0800] "GET /ssl/DoublePhoenix/?C=S;O=D HTTP/1.1" 200 482 "-" "Mozilla/5.0 (compatible; BLEXBot/1.0; +http://webmeup-crawler.com/)" "devoogel.net"
114.119.130.54 - - [06/Dec/2022:06:03:40 -0800] "GET /ssl/CanisterFlour/?C=D%3BO%3DA HTTP/1.1" 200 451 "https://www.devoogel.net/ssl/CanisterFlour/?C=S%3BO%3DA" "Mozilla/5.0 (Linux; Android 7.0;) AppleWebKit/537.36 (KHTML, like Gecko) Mobile Safari/537.36 (compatible; PetalBot;+https://webmaster.petalsearch.com/site/petalbot)" "www.devoogel.net"
157.90.181.151 - - [06/Dec/2022:06:03:40 -0800] "GET /ssl/DragonPlate/ HTTP/1.1" 200 451 "-" "Mozilla/5.0 (compatible; BLEXBot/1.0; +http://webmeup-crawler.com/)" "devoogel.net"
157.90.181.151 - - [06/Dec/2022:06:03:48 -0800] "GET /ssl/DragonPlate/?C=D;O=D HTTP/1.1" 200 448 "-" "Mozilla/5.0 (compatible; BLEXBot/1.0; +http://webmeup-crawler.com/)" "devoogel.net"
157.90.181.151 - - [06/Dec/2022:06:03:56 -0800] "GET /ssl/DragonPlate/?C=M;O=D HTTP/1.1" 200 449 "-" "Mozilla/5.0 (compatible; BLEXBot/1.0; +http://webmeup-crawler.com/)" "devoogel.net"
157.90.181.151 - - [06/Dec/2022:06:04:02 -0800] "GET /ssl/DragonPlate/?C=N;O=A HTTP/1.1" 200 451 "-" "Mozilla/5.0 (compatible; BLEXBot/1.0; +http://webmeup-crawler.com/)" "devoogel.net"
157.90.181.151 - - [06/Dec/2022:06:04:06 -0800] "GET /ssl/DragonPlate/?C=S;O=D HTTP/1.1" 200 445 "-" "Mozilla/5.0 (compatible; BLEXBot/1.0; +http://webmeup-crawler.com/)" "devoogel.net"
157.90.181.151 - - [06/Dec/2022:06:04:13 -0800] "GET /ssl/DugalDuchess/ HTTP/1.1" 200 439 "-" "Mozilla/5.0 (compatible; BLEXBot/1.0; +http://webmeup-crawler.com/)" "devoogel.net"
157.90.181.151 - - [06/Dec/2022:06:04:16 -0800] "GET /ssl/DugalDuchess/?C=D;O=D HTTP/1.1" 200 437 "-" "Mozilla/5.0 (compatible; BLEXBot/1.0; +http://webmeup-crawler.com/)" "devoogel.net"
157.90.181.151 - - [06/Dec/2022:06:04:24 -0800] "GET /ssl/DugalDuchess/?C=M;O=D HTTP/1.1" 200 437 "-" "Mozilla/5.0 (compatible; BLEXBot/1.0; +http://webmeup-crawler.com/)" "devoogel.net"
157.90.181.151 - - [06/Dec/2022:06:04:31 -0800] "GET /ssl/DugalDuchess/?C=N;O=A HTTP/1.1" 200 439 "-" "Mozilla/5.0 (compatible; BLEXBot/1.0; +http://webmeup-crawler.com/)" "devoogel.net"
157.90.181.151 - - [06/Dec/2022:06:04:37 -0800] "GET /ssl/DugalDuchess/?C=S;O=D HTTP/1.1" 200 435 "-" "Mozilla/5.0 (compatible; BLEXBot/1.0; +http://webmeup-crawler.com/)" "devoogel.net"
114.119.139.78 - - [06/Dec/2022:06:04:42 -0800] "GET /ssl/BWCreamer/?C=S%3BO%3DA HTTP/1.1" 200 508 "https://www.devoogel.net/ssl/BWCreamer/?C=D%3BO%3DA" "Mozilla/5.0 (Linux; Android 7.0;) AppleWebKit/537.36 (KHTML, like Gecko) Mobile Safari/537.36 (compatible; PetalBot;+https://webmaster.petalsearch.com/site/petalbot)" "www.devoogel.net"
157.90.181.151 - - [06/Dec/2022:06:04:44 -0800] "GET /ssl/EastlakeFrames/ HTTP/1.1" 200 516 "-" "Mozilla/5.0 (compatible; BLEXBot/1.0; +http://webmeup-crawler.com/)" "devoogel.net"
157.90.181.151 - - [06/Dec/2022:06:04:48 -0800] "GET /ssl/EastlakeFrames/?C=D;O=D HTTP/1.1" 200 514 "-" "Mozilla/5.0 (compatible; BLEXBot/1.0; +http://webmeup-crawler.com/)" "devoogel.net"
157.90.181.151 - - [06/Dec/2022:06:04:51 -0800] "GET /ssl/EastlakeFrames/?C=M;O=D HTTP/1.1" 200 515 "-" "Mozilla/5.0 (compatible; BLEXBot/1.0; +http://webmeup-crawler.com/)" "devoogel.net"
157.90.181.151 - - [06/Dec/2022:06:04:58 -0800] "GET /ssl/EastlakeFrames/?C=N;O=A HTTP/1.1" 200 516 "-" "Mozilla/5.0 (compatible; BLEXBot/1.0; +http://webmeup-crawler.com/)" "devoogel.net"
157.90.181.151 - - [06/Dec/2022:06:05:06 -0800] "GET /ssl/EastlakeFrames/?C=S;O=D HTTP/1.1" 200 513 "-" "Mozilla/5.0 (compatible; BLEXBot/1.0; +http://webmeup-crawler.com/)" "devoogel.net"
157.90.181.151 - - [06/Dec/2022:06:05:12 -0800] "GET /ssl/ElvisDoll/ HTTP/1.1" 200 456 "-" "Mozilla/5.0 (compatible; BLEXBot/1.0; +http://webmeup-crawler.com/)" "devoogel.net"
157.90.181.151 - - [06/Dec/2022:06:05:21 -0800] "GET /ssl/ElvisDoll/?C=D;O=D HTTP/1.1" 200 454 "-" "Mozilla/5.0 (compatible; BLEXBot/1.0; +http://webmeup-crawler.com/)" "devoogel.net"
157.90.181.151 - - [06/Dec/2022:06:05:28 -0800] "GET /ssl/ElvisDoll/?C=M;O=D HTTP/1.1" 200 454 "-" "Mozilla/5.0 (compatible; BLEXBot/1.0; +http://webmeup-crawler.com/)" "devoogel.net"
157.90.181.151 - - [06/Dec/2022:06:05:37 -0800] "GET /ssl/ElvisDoll/?C=N;O=A HTTP/1.1" 200 456 "-" "Mozilla/5.0 (compatible; BLEXBot/1.0; +http://webmeup-crawler.com/)" "devoogel.net"
157.90.181.151 - - [06/Dec/2022:06:05:45 -0800] "GET /ssl/ElvisDoll/?C=S;O=D HTTP/1.1" 200 454 "-" "Mozilla/5.0 (compatible; BLEXBot/1.0; +http://webmeup-crawler.com/)" "devoogel.net"
157.90.181.151 - - [06/Dec/2022:06:05:52 -0800] "GET /ssl/EnochSugar/ HTTP/1.1" 200 515 "-" "Mozilla/5.0 (compatible; BLEXBot/1.0; +http://webmeup-crawler.com/)" "devoogel.net"
216.244.66.244 - - [06/Dec/2022:06:05:58 -0800] "GET /robots.txt HTTP/1.1" 404 73 "-" "Mozilla/5.0 (compatible; DotBot/1.2; +https://opensiteexplorer.org/dotbot; help@moz.com)" "devoogel.net"
157.90.181.151 - - [06/Dec/2022:06:05:58 -0800] "GET /ssl/EnochSugar/?C=D;O=D HTTP/1.1" 200 515 "-" "Mozilla/5.0 (compatible; BLEXBot/1.0; +http://webmeup-crawler.com/)" "devoogel.net"
157.90.181.151 - - [06/Dec/2022:06:06:08 -0800] "GET /ssl/EnochSugar/?C=M;O=D HTTP/1.1" 200 513 "-" "Mozilla/5.0 (compatible; BLEXBot/1.0; +http://webmeup-crawler.com/)" "devoogel.net"
157.90.181.151 - - [06/Dec/2022:06:06:14 -0800] "GET /ssl/EnochSugar/?C=N;O=A HTTP/1.1" 200 515 "-" "Mozilla/5.0 (compatible; BLEXBot/1.0; +http://webmeup-crawler.com/)" "devoogel.net"
157.90.181.151 - - [06/Dec/2022:06:06:21 -0800] "GET /ssl/EnochSugar/?C=S;O=D HTTP/1.1" 200 524 "-" "Mozilla/5.0 (compatible; BLEXBot/1.0; +http://webmeup-crawler.com/)" "devoogel.net"
157.90.181.151 - - [06/Dec/2022:06:06:29 -0800] "GET /ssl/ExpressKneeBrace/ HTTP/1.1" 200 508 "-" "Mozilla/5.0 (compatible; BLEXBot/1.0; +http://webmeup-crawler.com/)" "devoogel.net"
157.90.181.151 - - [06/Dec/2022:06:06:33 -0800] "GET /ssl/ExpressKneeBrace/?C=D;O=D HTTP/1.1" 200 502 "-" "Mozilla/5.0 (compatible; BLEXBot/1.0; +http://webmeup-crawler.com/)" "devoogel.net"
157.90.181.151 - - [06/Dec/2022:06:06:42 -0800] "GET /ssl/ExpressKneeBrace/?C=M;O=D HTTP/1.1" 200 501 "-" "Mozilla/5.0 (compatible; BLEXBot/1.0; +http://webmeup-crawler.com/)" "devoogel.net"
157.90.181.151 - - [06/Dec/2022:06:06:48 -0800] "GET /ssl/ExpressKneeBrace/?C=N;O=A HTTP/1.1" 200 508 "-" "Mozilla/5.0 (compatible; BLEXBot/1.0; +http://webmeup-crawler.com/)" "devoogel.net"
157.90.181.151 - - [06/Dec/2022:06:06:55 -0800] "GET /ssl/ExpressKneeBrace/?C=S;O=D HTTP/1.1" 200 506 "-" "Mozilla/5.0 (compatible; BLEXBot/1.0; +http://webmeup-crawler.com/)" "devoogel.net"
157.90.181.151 - - [06/Dec/2022:06:07:01 -0800] "GET /ssl/Fasturn/ HTTP/1.1" 200 432 "-" "Mozilla/5.0 (compatible; BLEXBot/1.0; +http://webmeup-crawler.com/)" "devoogel.net"
114.119.151.104 - - [06/Dec/2022:06:07:11 -0800] "GET /Bronze_greyhound/?C=M%3BO%3DA HTTP/1.1" 200 585 "https://www.devoogel.net/Bronze_greyhound/?C=D%3BO%3DA" "Mozilla/5.0 (Linux; Android 7.0;) AppleWebKit/537.36 (KHTML, like Gecko) Mobile Safari/537.36 (compatible; PetalBot;+https://webmaster.petalsearch.com/site/petalbot)" "www.devoogel.net"
157.90.181.151 - - [06/Dec/2022:06:07:13 -0800] "GET /ssl/Fasturn/?C=D;O=D HTTP/1.1" 200 430 "-" "Mozilla/5.0 (compatible; BLEXBot/1.0; +http://webmeup-crawler.com/)" "devoogel.net"
157.90.181.151 - - [06/Dec/2022:06:07:20 -0800] "GET /ssl/Fasturn/?C=M;O=D HTTP/1.1" 200 430 "-" "Mozilla/5.0 (compatible; BLEXBot/1.0; +http://webmeup-crawler.com/)" "devoogel.net"
157.90.181.151 - - [06/Dec/2022:06:07:26 -0800] "GET /ssl/Fasturn/?C=N;O=A HTTP/1.1" 200 432 "-" "Mozilla/5.0 (compatible; BLEXBot/1.0; +http://webmeup-crawler.com/)" "devoogel.net"
157.90.181.151 - - [06/Dec/2022:06:07:30 -0800] "GET /ssl/Fasturn/?C=S;O=D HTTP/1.1" 200 429 "-" "Mozilla/5.0 (compatible; BLEXBot/1.0; +http://webmeup-crawler.com/)" "devoogel.net"
157.90.181.151 - - [06/Dec/2022:06:07:38 -0800] "GET /ssl/FiestaDinnerBlue/ HTTP/1.1" 200 480 "-" "Mozilla/5.0 (compatible; BLEXBot/1.0; +http://webmeup-crawler.com/)" "devoogel.net"
157.90.181.151 - - [06/Dec/2022:06:07:42 -0800] "GET /ssl/FiestaDinnerBlue/?C=D;O=D HTTP/1.1" 200 481 "-" "Mozilla/5.0 (compatible; BLEXBot/1.0; +http://webmeup-crawler.com/)" "devoogel.net"
157.90.181.151 - - [06/Dec/2022:06:07:48 -0800] "GET /ssl/FiestaDinnerBlue/?C=M;O=D HTTP/1.1" 200 476 "-" "Mozilla/5.0 (compatible; BLEXBot/1.0; +http://webmeup-crawler.com/)" "devoogel.net"
157.90.181.151 - - [06/Dec/2022:06:07:55 -0800] "GET /ssl/FiestaDinnerBlue/?C=N;O=A HTTP/1.1" 200 480 "-" "Mozilla/5.0 (compatible; BLEXBot/1.0; +http://webmeup-crawler.com/)" "devoogel.net"
157.90.181.151 - - [06/Dec/2022:06:08:02 -0800] "GET /ssl/FiestaDinnerBlue/?C=S;O=D HTTP/1.1" 200 475 "-" "Mozilla/5.0 (compatible; BLEXBot/1.0; +http://webmeup-crawler.com/)" "devoogel.net"
157.90.181.151 - - [06/Dec/2022:06:08:05 -0800] "GET /ssl/FiestaDinnerYellOr/ HTTP/1.1" 200 457 "-" "Mozilla/5.0 (compatible; BLEXBot/1.0; +http://webmeup-crawler.com/)" "devoogel.net"
157.90.181.151 - - [06/Dec/2022:06:08:12 -0800] "GET /ssl/FiestaDinnerYellOr/?C=D;O=D HTTP/1.1" 200 453 "-" "Mozilla/5.0 (compatible; BLEXBot/1.0; +http://webmeup-crawler.com/)" "devoogel.net"
157.90.181.151 - - [06/Dec/2022:06:08:15 -0800] "GET /ssl/FiestaDinnerYellOr/?C=M;O=D HTTP/1.1" 200 453 "-" "Mozilla/5.0 (compatible; BLEXBot/1.0; +http://webmeup-crawler.com/)" "devoogel.net"
157.90.181.151 - - [06/Dec/2022:06:08:22 -0800] "GET /ssl/FiestaDinnerYellOr/?C=N;O=A HTTP/1.1" 200 457 "-" "Mozilla/5.0 (compatible; BLEXBot/1.0; +http://webmeup-crawler.com/)" "devoogel.net"
157.90.181.151 - - [06/Dec/2022:06:08:26 -0800] "GET /ssl/FiestaDinnerYellOr/?C=S;O=D HTTP/1.1" 200 452 "-" "Mozilla/5.0 (compatible; BLEXBot/1.0; +http://webmeup-crawler.com/)" "devoogel.net"
157.90.181.151 - - [06/Dec/2022:06:08:32 -0800] "GET /ssl/FinialPorcBW/ HTTP/1.1" 200 426 "-" "Mozilla/5.0 (compatible; BLEXBot/1.0; +http://webmeup-crawler.com/)" "devoogel.net"
157.90.181.151 - - [06/Dec/2022:06:08:42 -0800] "GET /ssl/FinialPorcBW/?C=D;O=D HTTP/1.1" 200 424 "-" "Mozilla/5.0 (compatible; BLEXBot/1.0; +http://webmeup-crawler.com/)" "devoogel.net"
114.119.147.110 - - [06/Dec/2022:06:08:46 -0800] "GET /ssl/SpoonMelron/?C=S%3BO%3DA HTTP/1.1" 200 421 "https://devoogel.net/ssl/SpoonMelron?C=M%3BO%3DA" "Mozilla/5.0 (Linux; Android 7.0;) AppleWebKit/537.36 (KHTML, like Gecko) Mobile Safari/537.36 (compatible; PetalBot;+https://webmaster.petalsearch.com/site/petalbot)" "devoogel.net"
157.90.181.151 - - [06/Dec/2022:06:08:49 -0800] "GET /ssl/FinialPorcBW/?C=M;O=D HTTP/1.1" 200 424 "-" "Mozilla/5.0 (compatible; BLEXBot/1.0; +http://webmeup-crawler.com/)" "devoogel.net"
157.90.181.151 - - [06/Dec/2022:06:08:53 -0800] "GET /ssl/FinialPorcBW/?C=N;O=A HTTP/1.1" 200 426 "-" "Mozilla/5.0 (compatible; BLEXBot/1.0; +http://webmeup-crawler.com/)" "devoogel.net"
157.90.181.151 - - [06/Dec/2022:06:08:59 -0800] "GET /ssl/FinialPorcBW/?C=S;O=D HTTP/1.1" 200 424 "-" "Mozilla/5.0 (compatible; BLEXBot/1.0; +http://webmeup-crawler.com/)" "devoogel.net"
157.90.181.151 - - [06/Dec/2022:06:09:06 -0800] "GET /ssl/FishForkSpoon/ HTTP/1.1" 200 554 "-" "Mozilla/5.0 (compatible; BLEXBot/1.0; +http://webmeup-crawler.com/)" "devoogel.net"
157.90.181.151 - - [06/Dec/2022:06:09:10 -0800] "GET /ssl/FishForkSpoon/?C=D;O=D HTTP/1.1" 200 555 "-" "Mozilla/5.0 (compatible; BLEXBot/1.0; +http://webmeup-crawler.com/)" "devoogel.net"
157.90.181.151 - - [06/Dec/2022:06:09:14 -0800] "GET /ssl/FishForkSpoon/?C=M;O=D HTTP/1.1" 200 550 "-" "Mozilla/5.0 (compatible; BLEXBot/1.0; +http://webmeup-crawler.com/)" "devoogel.net"
157.90.181.151 - - [06/Dec/2022:06:09:18 -0800] "GET /ssl/FishForkSpoon/?C=N;O=A HTTP/1.1" 200 554 "-" "Mozilla/5.0 (compatible; BLEXBot/1.0; +http://webmeup-crawler.com/)" "devoogel.net"
157.90.181.151 - - [06/Dec/2022:06:09:29 -0800] "GET /ssl/FishForkSpoon/?C=S;O=D HTTP/1.1" 200 547 "-" "Mozilla/5.0 (compatible; BLEXBot/1.0; +http://webmeup-crawler.com/)" "devoogel.net"
157.90.181.151 - - [06/Dec/2022:06:09:33 -0800] "GET /ssl/FlatwareAnacapa/ HTTP/1.1" 200 549 "-" "Mozilla/5.0 (compatible; BLEXBot/1.0; +http://webmeup-crawler.com/)" "devoogel.net"
157.90.181.151 - - [06/Dec/2022:06:09:39 -0800] "GET /ssl/FlatwareAnacapa/?C=D;O=D HTTP/1.1" 200 549 "-" "Mozilla/5.0 (compatible; BLEXBot/1.0; +http://webmeup-crawler.com/)" "devoogel.net"
157.90.181.151 - - [06/Dec/2022:06:09:46 -0800] "GET /ssl/FlatwareAnacapa/?C=M;O=D HTTP/1.1" 200 539 "-" "Mozilla/5.0 (compatible; BLEXBot/1.0; +http://webmeup-crawler.com/)" "devoogel.net"
157.90.181.151 - - [06/Dec/2022:06:09:52 -0800] "GET /ssl/FlatwareAnacapa/?C=N;O=A HTTP/1.1" 200 549 "-" "Mozilla/5.0 (compatible; BLEXBot/1.0; +http://webmeup-crawler.com/)" "devoogel.net"
157.90.181.151 - - [06/Dec/2022:06:09:56 -0800] "GET /ssl/FlatwareAnacapa/?C=S;O=D HTTP/1.1" 200 551 "-" "Mozilla/5.0 (compatible; BLEXBot/1.0; +http://webmeup-crawler.com/)" "devoogel.net"
157.90.181.151 - - [06/Dec/2022:06:10:02 -0800] "GET /ssl/FlatwareBlueHandle/ HTTP/1.1" 200 455 "-" "Mozilla/5.0 (compatible; BLEXBot/1.0; +http://webmeup-crawler.com/)" "devoogel.net"
157.90.181.151 - - [06/Dec/2022:06:10:11 -0800] "GET /ssl/FlatwareBlueHandle/?C=D;O=D HTTP/1.1" 200 452 "-" "Mozilla/5.0 (compatible; BLEXBot/1.0; +http://webmeup-crawler.com/)" "devoogel.net"
157.90.181.151 - - [06/Dec/2022:06:10:17 -0800] "GET /ssl/FlatwareBlueHandle/?C=M;O=D HTTP/1.1" 200 452 "-" "Mozilla/5.0 (compatible; BLEXBot/1.0; +http://webmeup-crawler.com/)" "devoogel.net"
157.90.181.151 - - [06/Dec/2022:06:10:24 -0800] "GET /ssl/FlatwareBlueHandle/?C=N;O=A HTTP/1.1" 200 455 "-" "Mozilla/5.0 (compatible; BLEXBot/1.0; +http://webmeup-crawler.com/)" "devoogel.net"
157.90.181.151 - - [06/Dec/2022:06:10:28 -0800] "GET /ssl/FlatwareBlueHandle/?C=S;O=D HTTP/1.1" 200 452 "-" "Mozilla/5.0 (compatible; BLEXBot/1.0; +http://webmeup-crawler.com/)" "devoogel.net"
157.90.181.151 - - [06/Dec/2022:06:10:35 -0800] "GET /ssl/FlatwareBorneoGold/ HTTP/1.1" 200 519 "-" "Mozilla/5.0 (compatible; BLEXBot/1.0; +http://webmeup-crawler.com/)" "devoogel.net"
114.119.157.54 - - [06/Dec/2022:06:10:35 -0800] "GET /ssl/SpoonMCConnerSterl/?C=M%3BO%3DA HTTP/1.1" 200 434 "https://devoogel.net/ssl/SpoonMCConnerSterl?C=N%3BO%3DD" "Mozilla/5.0 (Linux; Android 7.0;) AppleWebKit/537.36 (KHTML, like Gecko) Mobile Safari/537.36 (compatible; PetalBot;+https://webmaster.petalsearch.com/site/petalbot)" "devoogel.net"
157.90.181.151 - - [06/Dec/2022:06:10:38 -0800] "GET /ssl/FlatwareBorneoGold/?C=D;O=D HTTP/1.1" 200 520 "-" "Mozilla/5.0 (compatible; BLEXBot/1.0; +http://webmeup-crawler.com/)" "devoogel.net"
157.90.181.151 - - [06/Dec/2022:06:10:44 -0800] "GET /ssl/FlatwareBorneoGold/?C=M;O=D HTTP/1.1" 200 524 "-" "Mozilla/5.0 (compatible; BLEXBot/1.0; +http://webmeup-crawler.com/)" "devoogel.net"
157.90.181.151 - - [06/Dec/2022:06:10:50 -0800] "GET /ssl/FlatwareBorneoGold/?C=N;O=A HTTP/1.1" 200 519 "-" "Mozilla/5.0 (compatible; BLEXBot/1.0; +http://webmeup-crawler.com/)" "devoogel.net"
157.90.181.151 - - [06/Dec/2022:06:10:54 -0800] "GET /ssl/FlatwareBorneoGold/?C=S;O=D HTTP/1.1" 200 520 "-" "Mozilla/5.0 (compatible; BLEXBot/1.0; +http://webmeup-crawler.com/)" "devoogel.net"
157.90.181.151 - - [06/Dec/2022:06:11:01 -0800] "GET /ssl/FlatwareGoldForksJAPAN/ HTTP/1.1" 200 426 "-" "Mozilla/5.0 (compatible; BLEXBot/1.0; +http://webmeup-crawler.com/)" "devoogel.net"
157.90.181.151 - - [06/Dec/2022:06:11:05 -0800] "GET /ssl/FlatwareGoldForksJAPAN/?C=D;O=D HTTP/1.1" 200 424 "-" "Mozilla/5.0 (compatible; BLEXBot/1.0; +http://webmeup-crawler.com/)" "devoogel.net"
157.90.181.151 - - [06/Dec/2022:06:11:14 -0800] "GET /ssl/FlatwareGoldForksJAPAN/?C=M;O=D HTTP/1.1" 200 424 "-" "Mozilla/5.0 (compatible; BLEXBot/1.0; +http://webmeup-crawler.com/)" "devoogel.net"
157.90.181.151 - - [06/Dec/2022:06:11:20 -0800] "GET /ssl/FlatwareGoldForksJAPAN/?C=N;O=A HTTP/1.1" 200 426 "-" "Mozilla/5.0 (compatible; BLEXBot/1.0; +http://webmeup-crawler.com/)" "devoogel.net"
157.90.181.151 - - [06/Dec/2022:06:11:27 -0800] "GET /ssl/FlatwareGoldForksJAPAN/?C=S;O=D HTTP/1.1" 200 425 "-" "Mozilla/5.0 (compatible; BLEXBot/1.0; +http://webmeup-crawler.com/)" "devoogel.net"
157.90.181.151 - - [06/Dec/2022:06:11:30 -0800] "GET /ssl/FlatwareGoldNugget/ HTTP/1.1" 200 411 "-" "Mozilla/5.0 (compatible; BLEXBot/1.0; +http://webmeup-crawler.com/)" "devoogel.net"
157.90.181.151 - - [06/Dec/2022:06:11:42 -0800] "GET /ssl/FlatwareGoldNugget/?C=D;O=D HTTP/1.1" 200 408 "-" "Mozilla/5.0 (compatible; BLEXBot/1.0; +http://webmeup-crawler.com/)" "devoogel.net"
157.90.181.151 - - [06/Dec/2022:06:11:49 -0800] "GET /ssl/FlatwareGoldNugget/?C=M;O=D HTTP/1.1" 200 408 "-" "Mozilla/5.0 (compatible; BLEXBot/1.0; +http://webmeup-crawler.com/)" "devoogel.net"
157.90.181.151 - - [06/Dec/2022:06:11:56 -0800] "GET /ssl/FlatwareGoldNugget/?C=N;O=A HTTP/1.1" 200 411 "-" "Mozilla/5.0 (compatible; BLEXBot/1.0; +http://webmeup-crawler.com/)" "devoogel.net"
157.90.181.151 - - [06/Dec/2022:06:12:02 -0800] "GET /ssl/FlatwareGoldNugget/?C=S;O=D HTTP/1.1" 200 409 "-" "Mozilla/5.0 (compatible; BLEXBot/1.0; +http://webmeup-crawler.com/)" "devoogel.net"
157.90.181.151 - - [06/Dec/2022:06:12:08 -0800] "GET /ssl/FlatwareGoldNuggetGravyLadle/ HTTP/1.1" 200 421 "-" "Mozilla/5.0 (compatible; BLEXBot/1.0; +http://webmeup-crawler.com/)" "devoogel.net"
157.90.181.151 - - [06/Dec/2022:06:12:11 -0800] "GET /ssl/FlatwareGoldNuggetGravyLadle/?C=D;O=D HTTP/1.1" 200 419 "-" "Mozilla/5.0 (compatible; BLEXBot/1.0; +http://webmeup-crawler.com/)" "devoogel.net"
51.222.253.12 - - [06/Dec/2022:06:12:12 -0800] "GET /ssl/FlatwareAnacapa/?C=D;O=D HTTP/1.1" 200 549 "-" "Mozilla/5.0 (compatible; AhrefsBot/7.0; +http://ahrefs.com/robot/)" "devoogel.net"
157.90.181.151 - - [06/Dec/2022:06:12:17 -0800] "GET /ssl/FlatwareGoldNuggetGravyLadle/?C=M;O=D HTTP/1.1" 200 419 "-" "Mozilla/5.0 (compatible; BLEXBot/1.0; +http://webmeup-crawler.com/)" "devoogel.net"
157.90.181.151 - - [06/Dec/2022:06:12:21 -0800] "GET /ssl/FlatwareGoldNuggetGravyLadle/?C=N;O=A HTTP/1.1" 200 421 "-" "Mozilla/5.0 (compatible; BLEXBot/1.0; +http://webmeup-crawler.com/)" "devoogel.net"
157.90.181.151 - - [06/Dec/2022:06:12:24 -0800] "GET /ssl/FlatwareGoldNuggetGravyLadle/?C=S;O=D HTTP/1.1" 200 418 "-" "Mozilla/5.0 (compatible; BLEXBot/1.0; +http://webmeup-crawler.com/)" "devoogel.net"
157.90.181.151 - - [06/Dec/2022:06:12:31 -0800] "GET /ssl/FlatwareGoldNuggetMeatFork/ HTTP/1.1" 200 416 "-" "Mozilla/5.0 (compatible; BLEXBot/1.0; +http://webmeup-crawler.com/)" "devoogel.net"
157.90.181.151 - - [06/Dec/2022:06:12:41 -0800] "GET /ssl/FlatwareGoldNuggetMeatFork/?C=D;O=D HTTP/1.1" 200 414 "-" "Mozilla/5.0 (compatible; BLEXBot/1.0; +http://webmeup-crawler.com/)" "devoogel.net"
157.90.181.151 - - [06/Dec/2022:06:12:44 -0800] "GET /ssl/FlatwareGoldNuggetMeatFork/?C=M;O=D HTTP/1.1" 200 414 "-" "Mozilla/5.0 (compatible; BLEXBot/1.0; +http://webmeup-crawler.com/)" "devoogel.net"
157.90.181.151 - - [06/Dec/2022:06:12:50 -0800] "GET /ssl/FlatwareGoldNuggetMeatFork/?C=N;O=A HTTP/1.1" 200 416 "-" "Mozilla/5.0 (compatible; BLEXBot/1.0; +http://webmeup-crawler.com/)" "devoogel.net"
157.90.181.151 - - [06/Dec/2022:06:12:53 -0800] "GET /ssl/FlatwareGoldNuggetMeatFork/?C=S;O=D HTTP/1.1" 200 415 "-" "Mozilla/5.0 (compatible; BLEXBot/1.0; +http://webmeup-crawler.com/)" "devoogel.net"
157.90.181.151 - - [06/Dec/2022:06:13:00 -0800] "GET /ssl/FlatwareGoldOneidaCommunity/ HTTP/1.1" 200 447 "-" "Mozilla/5.0 (compatible; BLEXBot/1.0; +http://webmeup-crawler.com/)" "devoogel.net"
157.90.181.151 - - [06/Dec/2022:06:13:03 -0800] "GET /ssl/FlatwareGoldOneidaCommunity/?C=D;O=D HTTP/1.1" 200 445 "-" "Mozilla/5.0 (compatible; BLEXBot/1.0; +http://webmeup-crawler.com/)" "devoogel.net"
157.90.181.151 - - [06/Dec/2022:06:13:10 -0800] "GET /ssl/FlatwareGoldOneidaCommunity/?C=M;O=D HTTP/1.1" 200 445 "-" "Mozilla/5.0 (compatible; BLEXBot/1.0; +http://webmeup-crawler.com/)" "devoogel.net"
157.90.181.151 - - [06/Dec/2022:06:13:15 -0800] "GET /ssl/FlatwareGoldOneidaCommunity/?C=N;O=A HTTP/1.1" 200 447 "-" "Mozilla/5.0 (compatible; BLEXBot/1.0; +http://webmeup-crawler.com/)" "devoogel.net"
157.90.181.151 - - [06/Dec/2022:06:13:20 -0800] "GET /ssl/FlatwareGoldOneidaCommunity/?C=S;O=D HTTP/1.1" 200 445 "-" "Mozilla/5.0 (compatible; BLEXBot/1.0; +http://webmeup-crawler.com/)" "devoogel.net"
157.90.181.151 - - [06/Dec/2022:06:13:28 -0800] "GET /ssl/FlatwareLeopardHandles/ HTTP/1.1" 200 537 "-" "Mozilla/5.0 (compatible; BLEXBot/1.0; +http://webmeup-crawler.com/)" "devoogel.net"
157.90.181.151 - - [06/Dec/2022:06:13:35 -0800] "GET /ssl/FlatwareLeopardHandles/?C=D;O=D HTTP/1.1" 200 539 "-" "Mozilla/5.0 (compatible; BLEXBot/1.0; +http://webmeup-crawler.com/)" "devoogel.net"
114.119.134.72 - - [06/Dec/2022:06:13:38 -0800] "GET /ssl/PyroBox HTTP/1.1" 301 1415 "https://devoogel.net/ssl?C=D%3BO%3DA" "Mozilla/5.0 (Linux; Android 7.0;) AppleWebKit/537.36 (KHTML, like Gecko) Mobile Safari/537.36 (compatible; PetalBot;+https://webmaster.petalsearch.com/site/petalbot)" "devoogel.net"
157.90.181.151 - - [06/Dec/2022:06:13:40 -0800] "GET /ssl/FlatwareLeopardHandles/?C=M;O=D HTTP/1.1" 200 534 "-" "Mozilla/5.0 (compatible; BLEXBot/1.0; +http://webmeup-crawler.com/)" "devoogel.net"
157.90.181.151 - - [06/Dec/2022:06:13:45 -0800] "GET /ssl/FlatwareLeopardHandles/?C=N;O=A HTTP/1.1" 200 537 "-" "Mozilla/5.0 (compatible; BLEXBot/1.0; +http://webmeup-crawler.com/)" "devoogel.net"
157.90.181.151 - - [06/Dec/2022:06:13:48 -0800] "GET /ssl/FlatwareLeopardHandles/?C=S;O=D HTTP/1.1" 200 540 "-" "Mozilla/5.0 (compatible; BLEXBot/1.0; +http://webmeup-crawler.com/)" "devoogel.net"
157.90.181.151 - - [06/Dec/2022:06:13:52 -0800] "GET /ssl/ForkSpoonBOnion/ HTTP/1.1" 200 425 "-" "Mozilla/5.0 (compatible; BLEXBot/1.0; +http://webmeup-crawler.com/)" "devoogel.net"
157.90.181.151 - - [06/Dec/2022:06:13:58 -0800] "GET /ssl/ForkSpoonBOnion/?C=D;O=D HTTP/1.1" 200 423 "-" "Mozilla/5.0 (compatible; BLEXBot/1.0; +http://webmeup-crawler.com/)" "devoogel.net"
114.119.134.72 - - [06/Dec/2022:06:13:58 -0800] "GET /ssl/PyroBox/ HTTP/1.1" 200 583 "https://devoogel.net/ssl?C=D%3BO%3DA" "Mozilla/5.0 (Linux; Android 7.0;) AppleWebKit/537.36 (KHTML, like Gecko) Mobile Safari/537.36 (compatible; PetalBot;+https://webmaster.petalsearch.com/site/petalbot)" "devoogel.net"
157.90.181.151 - - [06/Dec/2022:06:14:01 -0800] "GET /ssl/ForkSpoonBOnion/?C=M;O=D HTTP/1.1" 200 423 "-" "Mozilla/5.0 (compatible; BLEXBot/1.0; +http://webmeup-crawler.com/)" "devoogel.net"
157.90.181.151 - - [06/Dec/2022:06:14:06 -0800] "GET /ssl/ForkSpoonBOnion/?C=N;O=A HTTP/1.1" 200 425 "-" "Mozilla/5.0 (compatible; BLEXBot/1.0; +http://webmeup-crawler.com/)" "devoogel.net"
157.90.181.151 - - [06/Dec/2022:06:14:09 -0800] "GET /ssl/ForkSpoonBOnion/?C=S;O=D HTTP/1.1" 200 422 "-" "Mozilla/5.0 (compatible; BLEXBot/1.0; +http://webmeup-crawler.com/)" "devoogel.net"
157.90.181.151 - - [06/Dec/2022:06:14:15 -0800] "GET /ssl/ForkSterlingCon/ HTTP/1.1" 200 433 "-" "Mozilla/5.0 (compatible; BLEXBot/1.0; +http://webmeup-crawler.com/)" "devoogel.net"
157.90.181.151 - - [06/Dec/2022:06:14:21 -0800] "GET /ssl/ForkSterlingCon/?C=D;O=D HTTP/1.1" 200 431 "-" "Mozilla/5.0 (compatible; BLEXBot/1.0; +http://webmeup-crawler.com/)" "devoogel.net"
157.90.181.151 - - [06/Dec/2022:06:14:24 -0800] "GET /ssl/ForkSterlingCon/?C=M;O=D HTTP/1.1" 200 431 "-" "Mozilla/5.0 (compatible; BLEXBot/1.0; +http://webmeup-crawler.com/)" "devoogel.net"
157.90.181.151 - - [06/Dec/2022:06:14:31 -0800] "GET /ssl/ForkSterlingCon/?C=N;O=A HTTP/1.1" 200 433 "-" "Mozilla/5.0 (compatible; BLEXBot/1.0; +http://webmeup-crawler.com/)" "devoogel.net"
157.90.181.151 - - [06/Dec/2022:06:14:34 -0800] "GET /ssl/ForkSterlingCon/?C=S;O=D HTTP/1.1" 200 429 "-" "Mozilla/5.0 (compatible; BLEXBot/1.0; +http://webmeup-crawler.com/)" "devoogel.net"
157.90.181.151 - - [06/Dec/2022:06:14:43 -0800] "GET /ssl/GeishaMugs/ HTTP/1.1" 200 460 "-" "Mozilla/5.0 (compatible; BLEXBot/1.0; +http://webmeup-crawler.com/)" "devoogel.net"
114.119.143.104 - - [06/Dec/2022:06:14:43 -0800] "GET /ssl/PlateLunchLaPrimulaSLR HTTP/1.1" 301 1427 "https://devoogel.net/ssl?C=D%3BO%3DA" "Mozilla/5.0 (Linux; Android 7.0;) AppleWebKit/537.36 (KHTML, like Gecko) Mobile Safari/537.36 (compatible; PetalBot;+https://webmaster.petalsearch.com/site/petalbot)" "devoogel.net"
157.90.181.151 - - [06/Dec/2022:06:14:49 -0800] "GET /ssl/GeishaMugs/?C=D;O=D HTTP/1.1" 200 459 "-" "Mozilla/5.0 (compatible; BLEXBot/1.0; +http://webmeup-crawler.com/)" "devoogel.net"
157.90.181.151 - - [06/Dec/2022:06:14:52 -0800] "GET /ssl/GeishaMugs/?C=M;O=D HTTP/1.1" 200 460 "-" "Mozilla/5.0 (compatible; BLEXBot/1.0; +http://webmeup-crawler.com/)" "devoogel.net"
157.90.181.151 - - [06/Dec/2022:06:14:58 -0800] "GET /ssl/GeishaMugs/?C=N;O=A HTTP/1.1" 200 460 "-" "Mozilla/5.0 (compatible; BLEXBot/1.0; +http://webmeup-crawler.com/)" "devoogel.net"
114.119.143.104 - - [06/Dec/2022:06:14:59 -0800] "GET /ssl/PlateLunchLaPrimulaSLR/ HTTP/1.1" 200 462 "https://devoogel.net/ssl?C=D%3BO%3DA" "Mozilla/5.0 (Linux; Android 7.0;) AppleWebKit/537.36 (KHTML, like Gecko) Mobile Safari/537.36 (compatible; PetalBot;+https://webmaster.petalsearch.com/site/petalbot)" "devoogel.net"
157.90.181.151 - - [06/Dec/2022:06:15:04 -0800] "GET /ssl/GeishaMugs/?C=S;O=D HTTP/1.1" 200 454 "-" "Mozilla/5.0 (compatible; BLEXBot/1.0; +http://webmeup-crawler.com/)" "devoogel.net"
157.90.181.151 - - [06/Dec/2022:06:15:10 -0800] "GET /ssl/GeishaPlateMen_3/ HTTP/1.1" 200 444 "-" "Mozilla/5.0 (compatible; BLEXBot/1.0; +http://webmeup-crawler.com/)" "devoogel.net"
157.90.181.151 - - [06/Dec/2022:06:15:13 -0800] "GET /ssl/GeishaPlateMen_3/?C=D;O=D HTTP/1.1" 200 442 "-" "Mozilla/5.0 (compatible; BLEXBot/1.0; +http://webmeup-crawler.com/)" "devoogel.net"
157.90.181.151 - - [06/Dec/2022:06:15:20 -0800] "GET /ssl/GeishaPlateMen_3/?C=M;O=D HTTP/1.1" 200 442 "-" "Mozilla/5.0 (compatible; BLEXBot/1.0; +http://webmeup-crawler.com/)" "devoogel.net"
157.90.181.151 - - [06/Dec/2022:06:15:23 -0800] "GET /ssl/GeishaPlateMen_3/?C=N;O=A HTTP/1.1" 200 444 "-" "Mozilla/5.0 (compatible; BLEXBot/1.0; +http://webmeup-crawler.com/)" "devoogel.net"
157.90.181.151 - - [06/Dec/2022:06:15:29 -0800] "GET /ssl/GeishaPlateMen_3/?C=S;O=D HTTP/1.1" 200 442 "-" "Mozilla/5.0 (compatible; BLEXBot/1.0; +http://webmeup-crawler.com/)" "devoogel.net"
157.90.181.151 - - [06/Dec/2022:06:15:39 -0800] "GET /ssl/GeishaPlateOrg_2/ HTTP/1.1" 200 462 "-" "Mozilla/5.0 (compatible; BLEXBot/1.0; +http://webmeup-crawler.com/)" "devoogel.net"
157.90.181.151 - - [06/Dec/2022:06:15:43 -0800] "GET /ssl/GeishaPlateOrg_2/?C=D;O=D HTTP/1.1" 200 461 "-" "Mozilla/5.0 (compatible; BLEXBot/1.0; +http://webmeup-crawler.com/)" "devoogel.net"
157.90.181.151 - - [06/Dec/2022:06:15:50 -0800] "GET /ssl/GeishaPlateOrg_2/?C=M;O=D HTTP/1.1" 200 460 "-" "Mozilla/5.0 (compatible; BLEXBot/1.0; +http://webmeup-crawler.com/)" "devoogel.net"
157.90.181.151 - - [06/Dec/2022:06:15:54 -0800] "GET /ssl/GeishaPlateOrg_2/?C=N;O=A HTTP/1.1" 200 462 "-" "Mozilla/5.0 (compatible; BLEXBot/1.0; +http://webmeup-crawler.com/)" "devoogel.net"
157.90.181.151 - - [06/Dec/2022:06:16:01 -0800] "GET /ssl/GeishaPlateOrg_2/?C=S;O=D HTTP/1.1" 200 461 "-" "Mozilla/5.0 (compatible; BLEXBot/1.0; +http://webmeup-crawler.com/)" "devoogel.net"
157.90.181.151 - - [06/Dec/2022:06:16:08 -0800] "GET /ssl/GeishaPlateRed1/ HTTP/1.1" 200 456 "-" "Mozilla/5.0 (compatible; BLEXBot/1.0; +http://webmeup-crawler.com/)" "devoogel.net"
157.90.181.151 - - [06/Dec/2022:06:16:11 -0800] "GET /ssl/GeishaPlateRed1/?C=D;O=D HTTP/1.1" 200 453 "-" "Mozilla/5.0 (compatible; BLEXBot/1.0; +http://webmeup-crawler.com/)" "devoogel.net"
157.90.181.151 - - [06/Dec/2022:06:16:17 -0800] "GET /ssl/GeishaPlateRed1/?C=M;O=D HTTP/1.1" 200 455 "-" "Mozilla/5.0 (compatible; BLEXBot/1.0; +http://webmeup-crawler.com/)" "devoogel.net"
157.90.181.151 - - [06/Dec/2022:06:16:21 -0800] "GET /ssl/GeishaPlateRed1/?C=N;O=A HTTP/1.1" 200 456 "-" "Mozilla/5.0 (compatible; BLEXBot/1.0; +http://webmeup-crawler.com/)" "devoogel.net"
157.90.181.151 - - [06/Dec/2022:06:16:28 -0800] "GET /ssl/GeishaPlateRed1/?C=S;O=D HTTP/1.1" 200 453 "-" "Mozilla/5.0 (compatible; BLEXBot/1.0; +http://webmeup-crawler.com/)" "devoogel.net"
157.90.181.151 - - [06/Dec/2022:06:16:35 -0800] "GET /ssl/GlassBWTall/ HTTP/1.1" 200 439 "-" "Mozilla/5.0 (compatible; BLEXBot/1.0; +http://webmeup-crawler.com/)" "devoogel.net"
114.119.158.137 - - [06/Dec/2022:06:16:40 -0800] "GET /ssl/PlateGoldBavarian?C=D%3BO%3DA HTTP/1.1" 301 1435 "https://devoogel.net/ssl/PlateGoldBavarian?C=S%3BO%3DA" "Mozilla/5.0 (Linux; Android 7.0;) AppleWebKit/537.36 (KHTML, like Gecko) Mobile Safari/537.36 (compatible; PetalBot;+https://webmaster.petalsearch.com/site/petalbot)" "devoogel.net"
157.90.181.151 - - [06/Dec/2022:06:16:43 -0800] "GET /ssl/GlassBWTall/?C=D;O=D HTTP/1.1" 200 438 "-" "Mozilla/5.0 (compatible; BLEXBot/1.0; +http://webmeup-crawler.com/)" "devoogel.net"
157.90.181.151 - - [06/Dec/2022:06:16:46 -0800] "GET /ssl/GlassBWTall/?C=M;O=D HTTP/1.1" 200 438 "-" "Mozilla/5.0 (compatible; BLEXBot/1.0; +http://webmeup-crawler.com/)" "devoogel.net"
157.90.181.151 - - [06/Dec/2022:06:16:49 -0800] "GET /ssl/GlassBWTall/?C=N;O=A HTTP/1.1" 200 439 "-" "Mozilla/5.0 (compatible; BLEXBot/1.0; +http://webmeup-crawler.com/)" "devoogel.net"
157.90.181.151 - - [06/Dec/2022:06:16:55 -0800] "GET /ssl/GlassBWTall/?C=S;O=D HTTP/1.1" 200 435 "-" "Mozilla/5.0 (compatible; BLEXBot/1.0; +http://webmeup-crawler.com/)" "devoogel.net"
157.90.181.151 - - [06/Dec/2022:06:17:00 -0800] "GET /ssl/GlassSherbet/ HTTP/1.1" 200 422 "-" "Mozilla/5.0 (compatible; BLEXBot/1.0; +http://webmeup-crawler.com/)" "devoogel.net"
157.90.181.151 - - [06/Dec/2022:06:17:06 -0800] "GET /ssl/GlassSherbet/?C=D;O=D HTTP/1.1" 200 421 "-" "Mozilla/5.0 (compatible; BLEXBot/1.0; +http://webmeup-crawler.com/)" "devoogel.net"
114.119.158.137 - - [06/Dec/2022:06:17:11 -0800] "GET /ssl/PlateGoldBavarian/?C=D%3BO%3DA HTTP/1.1" 200 534 "https://devoogel.net/ssl/PlateGoldBavarian?C=S%3BO%3DA" "Mozilla/5.0 (Linux; Android 7.0;) AppleWebKit/537.36 (KHTML, like Gecko) Mobile Safari/537.36 (compatible; PetalBot;+https://webmaster.petalsearch.com/site/petalbot)" "devoogel.net"
157.90.181.151 - - [06/Dec/2022:06:17:12 -0800] "GET /ssl/GlassSherbet/?C=M;O=D HTTP/1.1" 200 421 "-" "Mozilla/5.0 (compatible; BLEXBot/1.0; +http://webmeup-crawler.com/)" "devoogel.net"
157.90.181.151 - - [06/Dec/2022:06:17:17 -0800] "GET /ssl/GlassSherbet/?C=N;O=A HTTP/1.1" 200 422 "-" "Mozilla/5.0 (compatible; BLEXBot/1.0; +http://webmeup-crawler.com/)" "devoogel.net"
157.90.181.151 - - [06/Dec/2022:06:17:20 -0800] "GET /ssl/GlassSherbet/?C=S;O=D HTTP/1.1" 200 421 "-" "Mozilla/5.0 (compatible; BLEXBot/1.0; +http://webmeup-crawler.com/)" "devoogel.net"
157.90.181.151 - - [06/Dec/2022:06:17:26 -0800] "GET /ssl/GlassStemRose/ HTTP/1.1" 200 441 "-" "Mozilla/5.0 (compatible; BLEXBot/1.0; +http://webmeup-crawler.com/)" "devoogel.net"
157.90.181.151 - - [06/Dec/2022:06:17:29 -0800] "GET /ssl/GlassStemRose/?C=D;O=D HTTP/1.1" 200 439 "-" "Mozilla/5.0 (compatible; BLEXBot/1.0; +http://webmeup-crawler.com/)" "devoogel.net"
157.90.181.151 - - [06/Dec/2022:06:17:35 -0800] "GET /ssl/GlassStemRose/?C=M;O=D HTTP/1.1" 200 439 "-" "Mozilla/5.0 (compatible; BLEXBot/1.0; +http://webmeup-crawler.com/)" "devoogel.net"
157.90.181.151 - - [06/Dec/2022:06:17:41 -0800] "GET /ssl/GlassStemRose/?C=N;O=A HTTP/1.1" 200 441 "-" "Mozilla/5.0 (compatible; BLEXBot/1.0; +http://webmeup-crawler.com/)" "devoogel.net"
114.119.134.182 - - [06/Dec/2022:06:17:45 -0800] "GET /ssl/PlateDinnerCrownDucal HTTP/1.1" 301 1426 "https://devoogel.net/ssl?C=D%3BO%3DA" "Mozilla/5.0 (Linux; Android 7.0;) AppleWebKit/537.36 (KHTML, like Gecko) Mobile Safari/537.36 (compatible; PetalBot;+https://webmaster.petalsearch.com/site/petalbot)" "devoogel.net"
157.90.181.151 - - [06/Dec/2022:06:17:45 -0800] "GET /ssl/GlassStemRose/?C=S;O=D HTTP/1.1" 200 436 "-" "Mozilla/5.0 (compatible; BLEXBot/1.0; +http://webmeup-crawler.com/)" "devoogel.net"
157.90.181.151 - - [06/Dec/2022:06:17:51 -0800] "GET /ssl/GlassStemmedMulti/ HTTP/1.1" 200 443 "-" "Mozilla/5.0 (compatible; BLEXBot/1.0; +http://webmeup-crawler.com/)" "devoogel.net"
157.90.181.151 - - [06/Dec/2022:06:17:54 -0800] "GET /ssl/GlassStemmedMulti/?C=D;O=D HTTP/1.1" 200 442 "-" "Mozilla/5.0 (compatible; BLEXBot/1.0; +http://webmeup-crawler.com/)" "devoogel.net"
157.90.181.151 - - [06/Dec/2022:06:17:59 -0800] "GET /ssl/GlassStemmedMulti/?C=M;O=D HTTP/1.1" 200 442 "-" "Mozilla/5.0 (compatible; BLEXBot/1.0; +http://webmeup-crawler.com/)" "devoogel.net"
157.90.181.151 - - [06/Dec/2022:06:18:03 -0800] "GET /ssl/GlassStemmedMulti/?C=N;O=A HTTP/1.1" 200 443 "-" "Mozilla/5.0 (compatible; BLEXBot/1.0; +http://webmeup-crawler.com/)" "devoogel.net"
114.119.134.182 - - [06/Dec/2022:06:18:03 -0800] "GET /ssl/PlateDinnerCrownDucal/ HTTP/1.1" 200 524 "https://devoogel.net/ssl?C=D%3BO%3DA" "Mozilla/5.0 (Linux; Android 7.0;) AppleWebKit/537.36 (KHTML, like Gecko) Mobile Safari/537.36 (compatible; PetalBot;+https://webmaster.petalsearch.com/site/petalbot)" "devoogel.net"
157.90.181.151 - - [06/Dec/2022:06:18:09 -0800] "GET /ssl/GlassStemmedMulti/?C=S;O=D HTTP/1.1" 200 439 "-" "Mozilla/5.0 (compatible; BLEXBot/1.0; +http://webmeup-crawler.com/)" "devoogel.net"
157.90.181.151 - - [06/Dec/2022:06:18:12 -0800] "GET /ssl/Glass_orb/ HTTP/1.1" 200 495 "-" "Mozilla/5.0 (compatible; BLEXBot/1.0; +http://webmeup-crawler.com/)" "devoogel.net"
157.90.181.151 - - [06/Dec/2022:06:18:18 -0800] "GET /ssl/Glass_orb/?C=D;O=D HTTP/1.1" 200 503 "-" "Mozilla/5.0 (compatible; BLEXBot/1.0; +http://webmeup-crawler.com/)" "devoogel.net"
157.90.181.151 - - [06/Dec/2022:06:18:22 -0800] "GET /ssl/Glass_orb/?C=M;O=D HTTP/1.1" 200 493 "-" "Mozilla/5.0 (compatible; BLEXBot/1.0; +http://webmeup-crawler.com/)" "devoogel.net"
157.90.181.151 - - [06/Dec/2022:06:18:28 -0800] "GET /ssl/Glass_orb/?C=N;O=A HTTP/1.1" 200 495 "-" "Mozilla/5.0 (compatible; BLEXBot/1.0; +http://webmeup-crawler.com/)" "devoogel.net"
157.90.181.151 - - [06/Dec/2022:06:18:35 -0800] "GET /ssl/Glass_orb/?C=S;O=D HTTP/1.1" 200 498 "-" "Mozilla/5.0 (compatible; BLEXBot/1.0; +http://webmeup-crawler.com/)" "devoogel.net"
157.90.181.151 - - [06/Dec/2022:06:18:38 -0800] "GET /ssl/GlassesPlaid/ HTTP/1.1" 200 427 "-" "Mozilla/5.0 (compatible; BLEXBot/1.0; +http://webmeup-crawler.com/)" "devoogel.net"
157.90.181.151 - - [06/Dec/2022:06:18:44 -0800] "GET /ssl/GlassesPlaid/?C=D;O=D HTTP/1.1" 200 425 "-" "Mozilla/5.0 (compatible; BLEXBot/1.0; +http://webmeup-crawler.com/)" "devoogel.net"
157.90.181.151 - - [06/Dec/2022:06:18:51 -0800] "GET /ssl/GlassesPlaid/?C=M;O=D HTTP/1.1" 200 425 "-" "Mozilla/5.0 (compatible; BLEXBot/1.0; +http://webmeup-crawler.com/)" "devoogel.net"
114.119.138.82 - - [06/Dec/2022:06:18:55 -0800] "GET /ssl/PinTrayCloisRound?C=D%3BO%3DA HTTP/1.1" 301 1434 "https://devoogel.net/ssl/PinTrayCloisRound" "Mozilla/5.0 (Linux; Android 7.0;) AppleWebKit/537.36 (KHTML, like Gecko) Mobile Safari/537.36 (compatible; PetalBot;+https://webmaster.petalsearch.com/site/petalbot)" "devoogel.net"
157.90.181.151 - - [06/Dec/2022:06:18:58 -0800] "GET /ssl/GlassesPlaid/?C=N;O=A HTTP/1.1" 200 427 "-" "Mozilla/5.0 (compatible; BLEXBot/1.0; +http://webmeup-crawler.com/)" "devoogel.net"
157.90.181.151 - - [06/Dec/2022:06:19:01 -0800] "GET /ssl/GlassesPlaid/?C=S;O=D HTTP/1.1" 200 425 "-" "Mozilla/5.0 (compatible; BLEXBot/1.0; +http://webmeup-crawler.com/)" "devoogel.net"
157.90.181.151 - - [06/Dec/2022:06:19:08 -0800] "GET /ssl/GravyBW/ HTTP/1.1" 200 448 "-" "Mozilla/5.0 (compatible; BLEXBot/1.0; +http://webmeup-crawler.com/)" "devoogel.net"
114.119.138.82 - - [06/Dec/2022:06:19:12 -0800] "GET /ssl/PinTrayCloisRound/?C=D%3BO%3DA HTTP/1.1" 200 440 "https://devoogel.net/ssl/PinTrayCloisRound" "Mozilla/5.0 (Linux; Android 7.0;) AppleWebKit/537.36 (KHTML, like Gecko) Mobile Safari/537.36 (compatible; PetalBot;+https://webmaster.petalsearch.com/site/petalbot)" "devoogel.net"
157.90.181.151 - - [06/Dec/2022:06:19:12 -0800] "GET /ssl/GravyBW/?C=D;O=D HTTP/1.1" 200 446 "-" "Mozilla/5.0 (compatible; BLEXBot/1.0; +http://webmeup-crawler.com/)" "devoogel.net"
