110.40.227.238 - - [16/Nov/2022:06:06:42 -0800] "GET / HTTP/1.1" 200 1248 "-" "Mozilla/5.0 (Linux; Android 6.0; Nexus 5 Build/MRA58N) AppleWebKit/537.36 (KHTML, like Gecko) Chrome/81.0.4044.138 Mobile Safari/537.36" "www.devoogel.net"
114.119.147.137 - - [16/Nov/2022:06:07:32 -0800] "GET /ssl/CheeseSlicer?C=D%3BO%3DA HTTP/1.1" 301 1430 "https://devoogel.net/ssl/CheeseSlicer?C=N%3BO%3DD" "Mozilla/5.0 (Linux; Android 7.0;) AppleWebKit/537.36 (KHTML, like Gecko) Mobile Safari/537.36 (compatible; PetalBot;+https://webmaster.petalsearch.com/site/petalbot)" "devoogel.net"
114.119.147.137 - - [16/Nov/2022:06:07:33 -0800] "GET /ssl/CheeseSlicer/?C=D%3BO%3DA HTTP/1.1" 200 407 "https://devoogel.net/ssl/CheeseSlicer?C=N%3BO%3DD" "Mozilla/5.0 (Linux; Android 7.0;) AppleWebKit/537.36 (KHTML, like Gecko) Mobile Safari/537.36 (compatible; PetalBot;+https://webmaster.petalsearch.com/site/petalbot)" "devoogel.net"
114.119.147.152 - - [16/Nov/2022:06:12:59 -0800] "GET /ssl/AWTeapot/?C=S%3BO%3DA HTTP/1.1" 200 481 "https://devoogel.net/ssl/AWTeapot" "Mozilla/5.0 (Linux; Android 7.0;) AppleWebKit/537.36 (KHTML, like Gecko) Mobile Safari/537.36 (compatible; PetalBot;+https://webmaster.petalsearch.com/site/petalbot)" "devoogel.net"
114.119.147.137 - - [16/Nov/2022:06:18:26 -0800] "GET /ssl/AbaloneMirror?C=D%3BO%3DA HTTP/1.1" 301 1432 "https://devoogel.net/ssl/AbaloneMirror" "Mozilla/5.0 (Linux; Android 7.0;) AppleWebKit/537.36 (KHTML, like Gecko) Mobile Safari/537.36 (compatible; PetalBot;+https://webmaster.petalsearch.com/site/petalbot)" "devoogel.net"
114.119.147.137 - - [16/Nov/2022:06:18:27 -0800] "GET /ssl/AbaloneMirror/?C=D%3BO%3DA HTTP/1.1" 200 456 "https://devoogel.net/ssl/AbaloneMirror" "Mozilla/5.0 (Linux; Android 7.0;) AppleWebKit/537.36 (KHTML, like Gecko) Mobile Safari/537.36 (compatible; PetalBot;+https://webmaster.petalsearch.com/site/petalbot)" "devoogel.net"
114.119.147.150 - - [16/Nov/2022:06:24:01 -0800] "GET /ssl/BWRectPlatterMed/?C=S%3BO%3DA HTTP/1.1" 200 469 "https://devoogel.net/ssl/BWRectPlatterMed?C=M%3BO%3DA" "Mozilla/5.0 (Linux; Android 7.0;) AppleWebKit/537.36 (KHTML, like Gecko) Mobile Safari/537.36 (compatible; PetalBot;+https://webmaster.petalsearch.com/site/petalbot)" "devoogel.net"
114.119.147.150 - - [16/Nov/2022:06:29:35 -0800] "GET /ssl/BlueMeissen?C=D%3BO%3DA HTTP/1.1" 301 1430 "https://devoogel.net/ssl/BlueMeissen?C=M%3BO%3DA" "Mozilla/5.0 (Linux; Android 7.0;) AppleWebKit/537.36 (KHTML, like Gecko) Mobile Safari/537.36 (compatible; PetalBot;+https://webmaster.petalsearch.com/site/petalbot)" "devoogel.net"
114.119.147.150 - - [16/Nov/2022:06:29:36 -0800] "GET /ssl/BlueMeissen/?C=D%3BO%3DA HTTP/1.1" 200 578 "https://devoogel.net/ssl/BlueMeissen?C=M%3BO%3DA" "Mozilla/5.0 (Linux; Android 7.0;) AppleWebKit/537.36 (KHTML, like Gecko) Mobile Safari/537.36 (compatible; PetalBot;+https://webmaster.petalsearch.com/site/petalbot)" "devoogel.net"
114.119.147.137 - - [16/Nov/2022:06:35:06 -0800] "GET /ssl/PinTrayCloisRound?C=N%3BO%3DD HTTP/1.1" 301 1434 "https://devoogel.net/ssl/PinTrayCloisRound?C=D%3BO%3DA" "Mozilla/5.0 (Linux; Android 7.0;) AppleWebKit/537.36 (KHTML, like Gecko) Mobile Safari/537.36 (compatible; PetalBot;+https://webmaster.petalsearch.com/site/petalbot)" "devoogel.net"
114.119.147.137 - - [16/Nov/2022:06:35:07 -0800] "GET /ssl/PinTrayCloisRound/?C=N%3BO%3DD HTTP/1.1" 200 440 "https://devoogel.net/ssl/PinTrayCloisRound?C=D%3BO%3DA" "Mozilla/5.0 (Linux; Android 7.0;) AppleWebKit/537.36 (KHTML, like Gecko) Mobile Safari/537.36 (compatible; PetalBot;+https://webmaster.petalsearch.com/site/petalbot)" "devoogel.net"
114.119.147.152 - - [16/Nov/2022:06:40:40 -0800] "GET /ssl/JoBrosLunch/ HTTP/1.1" 200 443 "https://devoogel.net/ssl" "Mozilla/5.0 (Linux; Android 7.0;) AppleWebKit/537.36 (KHTML, like Gecko) Mobile Safari/537.36 (compatible; PetalBot;+https://webmaster.petalsearch.com/site/petalbot)" "devoogel.net"
114.119.147.152 - - [16/Nov/2022:06:46:15 -0800] "GET /ssl/Password/?C=D%3BO%3DA HTTP/1.1" 200 545 "https://devoogel.net/ssl/Password" "Mozilla/5.0 (Linux; Android 7.0;) AppleWebKit/537.36 (KHTML, like Gecko) Mobile Safari/537.36 (compatible; PetalBot;+https://webmaster.petalsearch.com/site/petalbot)" "devoogel.net"
114.119.147.129 - - [16/Nov/2022:06:51:51 -0800] "GET /ssl/PlanterBlkLacq/?C=S%3BO%3DA HTTP/1.1" 200 484 "https://devoogel.net/ssl/PlanterBlkLacq?C=D%3BO%3DA" "Mozilla/5.0 (Linux; Android 7.0;) AppleWebKit/537.36 (KHTML, like Gecko) Mobile Safari/537.36 (compatible; PetalBot;+https://webmaster.petalsearch.com/site/petalbot)" "devoogel.net"
114.119.147.150 - - [16/Nov/2022:06:57:26 -0800] "GET /DeerSculpt?C=S%3BO%3DA HTTP/1.1" 301 1427 "https://devoogel.net/DeerSculpt" "Mozilla/5.0 (Linux; Android 7.0;) AppleWebKit/537.36 (KHTML, like Gecko) Mobile Safari/537.36 (compatible; PetalBot;+https://webmaster.petalsearch.com/site/petalbot)" "devoogel.net"
114.119.147.150 - - [16/Nov/2022:06:57:27 -0800] "GET /DeerSculpt/?C=S%3BO%3DA HTTP/1.1" 200 558 "https://devoogel.net/DeerSculpt" "Mozilla/5.0 (Linux; Android 7.0;) AppleWebKit/537.36 (KHTML, like Gecko) Mobile Safari/537.36 (compatible; PetalBot;+https://webmaster.petalsearch.com/site/petalbot)" "devoogel.net"
114.119.147.166 - - [16/Nov/2022:07:03:03 -0800] "GET /ssl/CUCreamSug?C=M%3BO%3DA HTTP/1.1" 301 1431 "https://devoogel.net/ssl/CUCreamSug?C=D%3BO%3DA" "Mozilla/5.0 (Linux; Android 7.0;) AppleWebKit/537.36 (KHTML, like Gecko) Mobile Safari/537.36 (compatible; PetalBot;+https://webmaster.petalsearch.com/site/petalbot)" "devoogel.net"
114.119.147.166 - - [16/Nov/2022:07:03:07 -0800] "GET /ssl/CUCreamSug/?C=M%3BO%3DA HTTP/1.1" 200 483 "https://devoogel.net/ssl/CUCreamSug?C=D%3BO%3DA" "Mozilla/5.0 (Linux; Android 7.0;) AppleWebKit/537.36 (KHTML, like Gecko) Mobile Safari/537.36 (compatible; PetalBot;+https://webmaster.petalsearch.com/site/petalbot)" "devoogel.net"
114.119.147.13 - - [16/Nov/2022:07:08:28 -0800] "GET /ssl/Fasturn?C=S%3BO%3DA HTTP/1.1" 301 1428 "https://devoogel.net/ssl/Fasturn?C=N%3BO%3DD" "Mozilla/5.0 (Linux; Android 7.0;) AppleWebKit/537.36 (KHTML, like Gecko) Mobile Safari/537.36 (compatible; PetalBot;+https://webmaster.petalsearch.com/site/petalbot)" "devoogel.net"
114.119.147.13 - - [16/Nov/2022:07:08:29 -0800] "GET /ssl/Fasturn/?C=S%3BO%3DA HTTP/1.1" 200 432 "https://devoogel.net/ssl/Fasturn?C=N%3BO%3DD" "Mozilla/5.0 (Linux; Android 7.0;) AppleWebKit/537.36 (KHTML, like Gecko) Mobile Safari/537.36 (compatible; PetalBot;+https://webmaster.petalsearch.com/site/petalbot)" "devoogel.net"
114.119.147.137 - - [16/Nov/2022:07:14:03 -0800] "GET /ssl/TeaBavarian15?C=M%3BO%3DA HTTP/1.1" 301 1431 "https://devoogel.net/ssl/TeaBavarian15" "Mozilla/5.0 (Linux; Android 7.0;) AppleWebKit/537.36 (KHTML, like Gecko) Mobile Safari/537.36 (compatible; PetalBot;+https://webmaster.petalsearch.com/site/petalbot)" "devoogel.net"
114.119.147.137 - - [16/Nov/2022:07:14:04 -0800] "GET /ssl/TeaBavarian15/?C=M%3BO%3DA HTTP/1.1" 200 473 "https://devoogel.net/ssl/TeaBavarian15" "Mozilla/5.0 (Linux; Android 7.0;) AppleWebKit/537.36 (KHTML, like Gecko) Mobile Safari/537.36 (compatible; PetalBot;+https://webmaster.petalsearch.com/site/petalbot)" "devoogel.net"
114.119.147.166 - - [16/Nov/2022:07:19:40 -0800] "GET /ssl/SpoonEmpire?C=M%3BO%3DA HTTP/1.1" 301 1430 "https://devoogel.net/ssl/SpoonEmpire?C=S%3BO%3DA" "Mozilla/5.0 (Linux; Android 7.0;) AppleWebKit/537.36 (KHTML, like Gecko) Mobile Safari/537.36 (compatible; PetalBot;+https://webmaster.petalsearch.com/site/petalbot)" "devoogel.net"
114.119.147.166 - - [16/Nov/2022:07:19:41 -0800] "GET /ssl/SpoonEmpire/?C=M%3BO%3DA HTTP/1.1" 200 422 "https://devoogel.net/ssl/SpoonEmpire?C=S%3BO%3DA" "Mozilla/5.0 (Linux; Android 7.0;) AppleWebKit/537.36 (KHTML, like Gecko) Mobile Safari/537.36 (compatible; PetalBot;+https://webmaster.petalsearch.com/site/petalbot)" "devoogel.net"
114.119.147.150 - - [16/Nov/2022:07:25:12 -0800] "GET /ssl/BWPitcherBowl/?C=N%3BO%3DD HTTP/1.1" 200 643 "https://devoogel.net/ssl/BWPitcherBowl?C=D%3BO%3DA" "Mozilla/5.0 (Linux; Android 7.0;) AppleWebKit/537.36 (KHTML, like Gecko) Mobile Safari/537.36 (compatible; PetalBot;+https://webmaster.petalsearch.com/site/petalbot)" "devoogel.net"
114.119.147.129 - - [16/Nov/2022:07:30:57 -0800] "GET /ssl/StaffWhite?C=N%3BO%3DD HTTP/1.1" 301 1429 "https://devoogel.net/ssl/StaffWhite?C=M%3BO%3DA" "Mozilla/5.0 (Linux; Android 7.0;) AppleWebKit/537.36 (KHTML, like Gecko) Mobile Safari/537.36 (compatible; PetalBot;+https://webmaster.petalsearch.com/site/petalbot)" "devoogel.net"
114.119.147.129 - - [16/Nov/2022:07:31:06 -0800] "GET /ssl/StaffWhite/?C=N%3BO%3DD HTTP/1.1" 200 530 "https://devoogel.net/ssl/StaffWhite?C=M%3BO%3DA" "Mozilla/5.0 (Linux; Android 7.0;) AppleWebKit/537.36 (KHTML, like Gecko) Mobile Safari/537.36 (compatible; PetalBot;+https://webmaster.petalsearch.com/site/petalbot)" "devoogel.net"
114.119.147.150 - - [16/Nov/2022:07:36:20 -0800] "GET /Chulucanas_Pot/ HTTP/1.1" 200 511 "https://devoogel.net/?C=M%3BO%3DA" "Mozilla/5.0 (Linux; Android 7.0;) AppleWebKit/537.36 (KHTML, like Gecko) Mobile Safari/537.36 (compatible; PetalBot;+https://webmaster.petalsearch.com/site/petalbot)" "devoogel.net"
114.119.147.150 - - [16/Nov/2022:07:41:55 -0800] "GET /Spice/ HTTP/1.1" 200 544 "https://devoogel.net/?C=M%3BO%3DA" "Mozilla/5.0 (Linux; Android 7.0;) AppleWebKit/537.36 (KHTML, like Gecko) Mobile Safari/537.36 (compatible; PetalBot;+https://webmaster.petalsearch.com/site/petalbot)" "devoogel.net"
114.119.147.129 - - [16/Nov/2022:07:47:30 -0800] "GET /ssl/BWCasserole/?C=M%3BO%3DA HTTP/1.1" 200 508 "https://devoogel.net/ssl/BWCasserole/?C=D%3BO%3DA" "Mozilla/5.0 (Linux; Android 7.0;) AppleWebKit/537.36 (KHTML, like Gecko) Mobile Safari/537.36 (compatible; PetalBot;+https://webmaster.petalsearch.com/site/petalbot)" "devoogel.net"
114.119.147.129 - - [16/Nov/2022:07:53:08 -0800] "GET /ssl/CrackleBowlStand/?C=S%3BO%3DA HTTP/1.1" 200 519 "https://devoogel.net/ssl/CrackleBowlStand/" "Mozilla/5.0 (Linux; Android 7.0;) AppleWebKit/537.36 (KHTML, like Gecko) Mobile Safari/537.36 (compatible; PetalBot;+https://webmaster.petalsearch.com/site/petalbot)" "devoogel.net"
114.119.147.166 - - [16/Nov/2022:07:58:38 -0800] "GET /ssl/LgFentonEwer/?C=N%3BO%3DD HTTP/1.1" 200 521 "https://devoogel.net/ssl/LgFentonEwer/?C=S%3BO%3DA" "Mozilla/5.0 (Linux; Android 7.0;) AppleWebKit/537.36 (KHTML, like Gecko) Mobile Safari/537.36 (compatible; PetalBot;+https://webmaster.petalsearch.com/site/petalbot)" "devoogel.net"
66.249.70.30 - - [16/Nov/2022:08:01:01 -0800] "GET /robots.txt HTTP/1.1" 404 88 "-" "Mozilla/5.0 (compatible; Googlebot/2.1; +http://www.google.com/bot.html)" "www.devoogel.net"
114.119.147.129 - - [16/Nov/2022:08:04:14 -0800] "GET /ssl/PicVictBlueBack1/?C=M%3BO%3DA HTTP/1.1" 200 489 "https://devoogel.net/ssl/PicVictBlueBack1/?C=S%3BO%3DA" "Mozilla/5.0 (Linux; Android 7.0;) AppleWebKit/537.36 (KHTML, like Gecko) Mobile Safari/537.36 (compatible; PetalBot;+https://webmaster.petalsearch.com/site/petalbot)" "devoogel.net"
114.119.147.137 - - [16/Nov/2022:08:09:52 -0800] "GET /ssl/LetterHolderAsian/ HTTP/1.1" 200 599 "https://devoogel.net/ssl" "Mozilla/5.0 (Linux; Android 7.0;) AppleWebKit/537.36 (KHTML, like Gecko) Mobile Safari/537.36 (compatible; PetalBot;+https://webmaster.petalsearch.com/site/petalbot)" "devoogel.net"
111.207.155.211 - - [16/Nov/2022:08:11:07 -0800] "GET / HTTP/1.1" 200 7391 "-" "Mozilla/5.0 Firefox/35.0" "devoogel.net"
114.119.147.129 - - [16/Nov/2022:08:15:20 -0800] "GET /ssl/BWCakeServer/?C=S%3BO%3DA HTTP/1.1" 200 444 "https://devoogel.net/ssl/BWCakeServer/?C=D%3BO%3DA" "Mozilla/5.0 (Linux; Android 7.0;) AppleWebKit/537.36 (KHTML, like Gecko) Mobile Safari/537.36 (compatible; PetalBot;+https://webmaster.petalsearch.com/site/petalbot)" "devoogel.net"
114.119.147.137 - - [16/Nov/2022:08:20:53 -0800] "GET /Accent_pics/ HTTP/1.1" 200 1136 "https://www.devoogel.net/" "Mozilla/5.0 (Linux; Android 7.0;) AppleWebKit/537.36 (KHTML, like Gecko) Mobile Safari/537.36 (compatible; PetalBot;+https://webmaster.petalsearch.com/site/petalbot)" "www.devoogel.net"
114.119.147.13 - - [16/Nov/2022:08:26:25 -0800] "GET /ssl/Password?C=M%3BO%3DA HTTP/1.1" 301 1428 "https://devoogel.net/ssl/Password" "Mozilla/5.0 (Linux; Android 7.0;) AppleWebKit/537.36 (KHTML, like Gecko) Mobile Safari/537.36 (compatible; PetalBot;+https://webmaster.petalsearch.com/site/petalbot)" "devoogel.net"
114.119.147.13 - - [16/Nov/2022:08:26:26 -0800] "GET /ssl/Password/?C=M%3BO%3DA HTTP/1.1" 200 545 "https://devoogel.net/ssl/Password" "Mozilla/5.0 (Linux; Android 7.0;) AppleWebKit/537.36 (KHTML, like Gecko) Mobile Safari/537.36 (compatible; PetalBot;+https://webmaster.petalsearch.com/site/petalbot)" "devoogel.net"
114.119.147.137 - - [16/Nov/2022:08:32:11 -0800] "GET /ViennaCreamer?C=N%3BO%3DD HTTP/1.1" 301 1429 "https://devoogel.net/ViennaCreamer" "Mozilla/5.0 (Linux; Android 7.0;) AppleWebKit/537.36 (KHTML, like Gecko) Mobile Safari/537.36 (compatible; PetalBot;+https://webmaster.petalsearch.com/site/petalbot)" "devoogel.net"
114.119.147.137 - - [16/Nov/2022:08:32:12 -0800] "GET /ViennaCreamer/?C=N%3BO%3DD HTTP/1.1" 200 451 "https://devoogel.net/ViennaCreamer" "Mozilla/5.0 (Linux; Android 7.0;) AppleWebKit/537.36 (KHTML, like Gecko) Mobile Safari/537.36 (compatible; PetalBot;+https://webmaster.petalsearch.com/site/petalbot)" "devoogel.net"
35.229.38.99 - - [16/Nov/2022:08:37:29 -0800] "GET /robots.txt HTTP/1.1" 404 88 "-" "ZoominfoBot (zoominfobot at zoominfo dot com)" "devoogel.net"
35.229.38.99 - - [16/Nov/2022:08:37:29 -0800] "GET /robots.txt HTTP/1.1" 404 88 "-" "ZoominfoBot (zoominfobot at zoominfo dot com)" "devoogel.net"
35.229.38.99 - - [16/Nov/2022:08:37:29 -0800] "GET / HTTP/1.1" 200 1248 "-" "ZoominfoBot (zoominfobot at zoominfo dot com)" "devoogel.net"
114.119.147.129 - - [16/Nov/2022:08:37:37 -0800] "GET /ssl/CameoFrame HTTP/1.1" 301 1416 "https://devoogel.net/ssl?C=D%3BO%3DA" "Mozilla/5.0 (Linux; Android 7.0;) AppleWebKit/537.36 (KHTML, like Gecko) Mobile Safari/537.36 (compatible; PetalBot;+https://webmaster.petalsearch.com/site/petalbot)" "devoogel.net"
114.119.147.129 - - [16/Nov/2022:08:37:38 -0800] "GET /ssl/CameoFrame/ HTTP/1.1" 200 444 "https://devoogel.net/ssl?C=D%3BO%3DA" "Mozilla/5.0 (Linux; Android 7.0;) AppleWebKit/537.36 (KHTML, like Gecko) Mobile Safari/537.36 (compatible; PetalBot;+https://webmaster.petalsearch.com/site/petalbot)" "devoogel.net"
114.119.147.137 - - [16/Nov/2022:08:43:10 -0800] "GET /ssl/PlateReticulatedBlueJapan HTTP/1.1" 301 1428 "https://devoogel.net/ssl?C=D%3BO%3DA" "Mozilla/5.0 (Linux; Android 7.0;) AppleWebKit/537.36 (KHTML, like Gecko) Mobile Safari/537.36 (compatible; PetalBot;+https://webmaster.petalsearch.com/site/petalbot)" "devoogel.net"
114.119.147.137 - - [16/Nov/2022:08:43:10 -0800] "GET /ssl/PlateReticulatedBlueJapan/ HTTP/1.1" 200 531 "https://devoogel.net/ssl?C=D%3BO%3DA" "Mozilla/5.0 (Linux; Android 7.0;) AppleWebKit/537.36 (KHTML, like Gecko) Mobile Safari/537.36 (compatible; PetalBot;+https://webmaster.petalsearch.com/site/petalbot)" "devoogel.net"
35.229.38.99 - - [16/Nov/2022:08:46:29 -0800] "GET /robots.txt HTTP/1.1" 404 88 "-" "ZoominfoBot (zoominfobot at zoominfo dot com)" "www.devoogel.net"
35.229.38.99 - - [16/Nov/2022:08:46:30 -0800] "GET /robots.txt HTTP/1.1" 404 88 "-" "ZoominfoBot (zoominfobot at zoominfo dot com)" "www.devoogel.net"
35.229.38.99 - - [16/Nov/2022:08:46:30 -0800] "GET / HTTP/1.1" 200 1248 "-" "ZoominfoBot (zoominfobot at zoominfo dot com)" "www.devoogel.net"
114.119.147.137 - - [16/Nov/2022:08:48:44 -0800] "GET /ssl/PicSmGreen?C=S%3BO%3DA HTTP/1.1" 301 1430 "https://devoogel.net/ssl/PicSmGreen?C=M%3BO%3DA" "Mozilla/5.0 (Linux; Android 7.0;) AppleWebKit/537.36 (KHTML, like Gecko) Mobile Safari/537.36 (compatible; PetalBot;+https://webmaster.petalsearch.com/site/petalbot)" "devoogel.net"
114.119.147.137 - - [16/Nov/2022:08:48:45 -0800] "GET /ssl/PicSmGreen/?C=S%3BO%3DA HTTP/1.1" 200 422 "https://devoogel.net/ssl/PicSmGreen?C=M%3BO%3DA" "Mozilla/5.0 (Linux; Android 7.0;) AppleWebKit/537.36 (KHTML, like Gecko) Mobile Safari/537.36 (compatible; PetalBot;+https://webmaster.petalsearch.com/site/petalbot)" "devoogel.net"
114.119.140.196 - - [16/Nov/2022:08:51:15 -0800] "GET /robots.txt HTTP/1.1" 404 88 "-" "Mozilla/5.0 (compatible;PetalBot;+https://webmaster.petalsearch.com/site/petalbot)" "www.devoogel.net"
114.119.147.150 - - [16/Nov/2022:08:54:21 -0800] "GET /TinyQueen/?C=D%3BO%3DA HTTP/1.1" 200 479 "https://devoogel.net/TinyQueen/?C=S%3BO%3DA" "Mozilla/5.0 (Linux; Android 7.0;) AppleWebKit/537.36 (KHTML, like Gecko) Mobile Safari/537.36 (compatible; PetalBot;+https://webmaster.petalsearch.com/site/petalbot)" "devoogel.net"
114.119.147.129 - - [16/Nov/2022:09:00:07 -0800] "GET /ssl/Teaspoons1847Rogers?C=S%3BO%3DA HTTP/1.1" 301 1436 "https://devoogel.net/ssl/Teaspoons1847Rogers?C=D%3BO%3DA" "Mozilla/5.0 (Linux; Android 7.0;) AppleWebKit/537.36 (KHTML, like Gecko) Mobile Safari/537.36 (compatible; PetalBot;+https://webmaster.petalsearch.com/site/petalbot)" "devoogel.net"
114.119.147.129 - - [16/Nov/2022:09:00:08 -0800] "GET /ssl/Teaspoons1847Rogers/?C=S%3BO%3DA HTTP/1.1" 200 430 "https://devoogel.net/ssl/Teaspoons1847Rogers?C=D%3BO%3DA" "Mozilla/5.0 (Linux; Android 7.0;) AppleWebKit/537.36 (KHTML, like Gecko) Mobile Safari/537.36 (compatible; PetalBot;+https://webmaster.petalsearch.com/site/petalbot)" "devoogel.net"
114.119.147.129 - - [16/Nov/2022:09:05:47 -0800] "GET /ssl/SoupPotBrassBoarTusk?C=N%3BO%3DD HTTP/1.1" 301 1438 "https://devoogel.net/ssl/SoupPotBrassBoarTusk" "Mozilla/5.0 (Linux; Android 7.0;) AppleWebKit/537.36 (KHTML, like Gecko) Mobile Safari/537.36 (compatible; PetalBot;+https://webmaster.petalsearch.com/site/petalbot)" "devoogel.net"
114.119.147.129 - - [16/Nov/2022:09:05:49 -0800] "GET /ssl/SoupPotBrassBoarTusk/?C=N%3BO%3DD HTTP/1.1" 200 550 "https://devoogel.net/ssl/SoupPotBrassBoarTusk" "Mozilla/5.0 (Linux; Android 7.0;) AppleWebKit/537.36 (KHTML, like Gecko) Mobile Safari/537.36 (compatible; PetalBot;+https://webmaster.petalsearch.com/site/petalbot)" "devoogel.net"
114.119.147.152 - - [16/Nov/2022:09:11:34 -0800] "GET /ssl/FlatwareGoldNuggetGravyLadle HTTP/1.1" 301 1431 "https://devoogel.net/ssl?C=D%3BO%3DA" "Mozilla/5.0 (Linux; Android 7.0;) AppleWebKit/537.36 (KHTML, like Gecko) Mobile Safari/537.36 (compatible; PetalBot;+https://webmaster.petalsearch.com/site/petalbot)" "devoogel.net"
114.119.147.152 - - [16/Nov/2022:09:11:36 -0800] "GET /ssl/FlatwareGoldNuggetGravyLadle/ HTTP/1.1" 200 421 "https://devoogel.net/ssl?C=D%3BO%3DA" "Mozilla/5.0 (Linux; Android 7.0;) AppleWebKit/537.36 (KHTML, like Gecko) Mobile Safari/537.36 (compatible; PetalBot;+https://webmaster.petalsearch.com/site/petalbot)" "devoogel.net"
114.119.147.137 - - [16/Nov/2022:09:17:16 -0800] "GET /ViennaCreamer HTTP/1.1" 301 1416 "https://devoogel.net/?C=N%3BO%3DD" "Mozilla/5.0 (Linux; Android 7.0;) AppleWebKit/537.36 (KHTML, like Gecko) Mobile Safari/537.36 (compatible; PetalBot;+https://webmaster.petalsearch.com/site/petalbot)" "devoogel.net"
114.119.147.137 - - [16/Nov/2022:09:17:17 -0800] "GET /ViennaCreamer/ HTTP/1.1" 200 451 "https://devoogel.net/?C=N%3BO%3DD" "Mozilla/5.0 (Linux; Android 7.0;) AppleWebKit/537.36 (KHTML, like Gecko) Mobile Safari/537.36 (compatible; PetalBot;+https://webmaster.petalsearch.com/site/petalbot)" "devoogel.net"
114.119.147.166 - - [16/Nov/2022:09:23:01 -0800] "GET /ssl/FlatwareBorneoGold?C=S%3BO%3DA HTTP/1.1" 301 1436 "https://devoogel.net/ssl/FlatwareBorneoGold?C=D%3BO%3DA" "Mozilla/5.0 (Linux; Android 7.0;) AppleWebKit/537.36 (KHTML, like Gecko) Mobile Safari/537.36 (compatible; PetalBot;+https://webmaster.petalsearch.com/site/petalbot)" "devoogel.net"
114.119.147.166 - - [16/Nov/2022:09:23:08 -0800] "GET /ssl/FlatwareBorneoGold/?C=S%3BO%3DA HTTP/1.1" 200 519 "https://devoogel.net/ssl/FlatwareBorneoGold?C=D%3BO%3DA" "Mozilla/5.0 (Linux; Android 7.0;) AppleWebKit/537.36 (KHTML, like Gecko) Mobile Safari/537.36 (compatible; PetalBot;+https://webmaster.petalsearch.com/site/petalbot)" "devoogel.net"
34.138.231.175 - - [16/Nov/2022:09:24:11 -0800] "GET /robots.txt HTTP/1.1" 404 88 "-" "ZoominfoBot (zoominfobot at zoominfo dot com)" "devoogel.net"
34.138.231.175 - - [16/Nov/2022:09:24:11 -0800] "GET /AsianPitcher/ HTTP/1.1" 200 522 "-" "ZoominfoBot (zoominfobot at zoominfo dot com)" "devoogel.net"
114.119.147.166 - - [16/Nov/2022:09:28:31 -0800] "GET /ssl/PradaSunGlasses HTTP/1.1" 301 1420 "https://devoogel.net/ssl?C=D%3BO%3DA" "Mozilla/5.0 (Linux; Android 7.0;) AppleWebKit/537.36 (KHTML, like Gecko) Mobile Safari/537.36 (compatible; PetalBot;+https://webmaster.petalsearch.com/site/petalbot)" "devoogel.net"
114.119.147.166 - - [16/Nov/2022:09:28:32 -0800] "GET /ssl/PradaSunGlasses/ HTTP/1.1" 200 494 "https://devoogel.net/ssl?C=D%3BO%3DA" "Mozilla/5.0 (Linux; Android 7.0;) AppleWebKit/537.36 (KHTML, like Gecko) Mobile Safari/537.36 (compatible; PetalBot;+https://webmaster.petalsearch.com/site/petalbot)" "devoogel.net"
114.119.147.129 - - [16/Nov/2022:09:34:03 -0800] "GET /ssl/CrackleBowlStand/?C=M%3BO%3DA HTTP/1.1" 200 519 "https://devoogel.net/ssl/CrackleBowlStand/" "Mozilla/5.0 (Linux; Android 7.0;) AppleWebKit/537.36 (KHTML, like Gecko) Mobile Safari/537.36 (compatible; PetalBot;+https://webmaster.petalsearch.com/site/petalbot)" "devoogel.net"
34.138.231.175 - - [16/Nov/2022:09:35:46 -0800] "GET /BrassDragon/ HTTP/1.1" 200 532 "-" "ZoominfoBot (zoominfobot at zoominfo dot com)" "devoogel.net"
34.138.231.175 - - [16/Nov/2022:09:38:04 -0800] "GET /robots.txt HTTP/1.1" 404 88 "-" "ZoominfoBot (zoominfobot at zoominfo dot com)" "www.devoogel.net"
34.138.231.175 - - [16/Nov/2022:09:38:04 -0800] "GET /AWTeapot/ HTTP/1.1" 200 478 "-" "ZoominfoBot (zoominfobot at zoominfo dot com)" "www.devoogel.net"
34.138.231.175 - - [16/Nov/2022:09:39:06 -0800] "GET /?C=D;O=A HTTP/1.1" 200 1248 "-" "ZoominfoBot (zoominfobot at zoominfo dot com)" "devoogel.net"
114.119.147.152 - - [16/Nov/2022:09:39:38 -0800] "GET /ssl/PlanterBlkLacq?C=N%3BO%3DD HTTP/1.1" 301 1433 "https://devoogel.net/ssl/PlanterBlkLacq?C=S%3BO%3DA" "Mozilla/5.0 (Linux; Android 7.0;) AppleWebKit/537.36 (KHTML, like Gecko) Mobile Safari/537.36 (compatible; PetalBot;+https://webmaster.petalsearch.com/site/petalbot)" "devoogel.net"
114.119.147.152 - - [16/Nov/2022:09:39:39 -0800] "GET /ssl/PlanterBlkLacq/?C=N%3BO%3DD HTTP/1.1" 200 484 "https://devoogel.net/ssl/PlanterBlkLacq?C=S%3BO%3DA" "Mozilla/5.0 (Linux; Android 7.0;) AppleWebKit/537.36 (KHTML, like Gecko) Mobile Safari/537.36 (compatible; PetalBot;+https://webmaster.petalsearch.com/site/petalbot)" "devoogel.net"
34.138.231.175 - - [16/Nov/2022:09:39:53 -0800] "GET /BlueKettle/ HTTP/1.1" 200 315 "-" "ZoominfoBot (zoominfobot at zoominfo dot com)" "www.devoogel.net"
34.138.231.175 - - [16/Nov/2022:09:44:14 -0800] "GET /BrassCandle/ HTTP/1.1" 200 518 "-" "ZoominfoBot (zoominfobot at zoominfo dot com)" "devoogel.net"
34.138.231.175 - - [16/Nov/2022:09:44:58 -0800] "GET /?C=M;O=A HTTP/1.1" 200 1239 "-" "ZoominfoBot (zoominfobot at zoominfo dot com)" "devoogel.net"
114.119.147.150 - - [16/Nov/2022:09:45:16 -0800] "GET /ssl/PlateDinnerWilkinson HTTP/1.1" 301 1423 "https://devoogel.net/ssl?C=S%3BO%3DA" "Mozilla/5.0 (Linux; Android 7.0;) AppleWebKit/537.36 (KHTML, like Gecko) Mobile Safari/537.36 (compatible; PetalBot;+https://webmaster.petalsearch.com/site/petalbot)" "devoogel.net"
114.119.147.150 - - [16/Nov/2022:09:45:17 -0800] "GET /ssl/PlateDinnerWilkinson/ HTTP/1.1" 200 411 "https://devoogel.net/ssl?C=S%3BO%3DA" "Mozilla/5.0 (Linux; Android 7.0;) AppleWebKit/537.36 (KHTML, like Gecko) Mobile Safari/537.36 (compatible; PetalBot;+https://webmaster.petalsearch.com/site/petalbot)" "devoogel.net"
34.138.231.175 - - [16/Nov/2022:09:46:15 -0800] "GET /?C=N;O=D HTTP/1.1" 200 1238 "-" "ZoominfoBot (zoominfobot at zoominfo dot com)" "devoogel.net"
34.138.231.175 - - [16/Nov/2022:09:47:04 -0800] "GET /Accent_pics/ HTTP/1.1" 200 1136 "-" "ZoominfoBot (zoominfobot at zoominfo dot com)" "devoogel.net"
34.138.231.175 - - [16/Nov/2022:09:48:30 -0800] "GET /?C=S;O=A HTTP/1.1" 200 1248 "-" "ZoominfoBot (zoominfobot at zoominfo dot com)" "devoogel.net"
114.119.147.152 - - [16/Nov/2022:09:50:47 -0800] "GET /ssl/DemiChin HTTP/1.1" 301 1415 "https://devoogel.net/ssl?C=D%3BO%3DA" "Mozilla/5.0 (Linux; Android 7.0;) AppleWebKit/537.36 (KHTML, like Gecko) Mobile Safari/537.36 (compatible; PetalBot;+https://webmaster.petalsearch.com/site/petalbot)" "devoogel.net"
114.119.147.152 - - [16/Nov/2022:09:50:49 -0800] "GET /ssl/DemiChin/ HTTP/1.1" 200 417 "https://devoogel.net/ssl?C=D%3BO%3DA" "Mozilla/5.0 (Linux; Android 7.0;) AppleWebKit/537.36 (KHTML, like Gecko) Mobile Safari/537.36 (compatible; PetalBot;+https://webmaster.petalsearch.com/site/petalbot)" "devoogel.net"
34.138.231.175 - - [16/Nov/2022:09:53:48 -0800] "GET /Boudoir_Lampshades/ HTTP/1.1" 200 616 "-" "ZoominfoBot (zoominfobot at zoominfo dot com)" "www.devoogel.net"
114.119.147.13 - - [16/Nov/2022:09:56:23 -0800] "GET /SmStaffDogs?C=D%3BO%3DA HTTP/1.1" 301 1428 "https://devoogel.net/SmStaffDogs?C=S%3BO%3DA" "Mozilla/5.0 (Linux; Android 7.0;) AppleWebKit/537.36 (KHTML, like Gecko) Mobile Safari/537.36 (compatible; PetalBot;+https://webmaster.petalsearch.com/site/petalbot)" "devoogel.net"
114.119.147.13 - - [16/Nov/2022:09:56:24 -0800] "GET /SmStaffDogs/?C=D%3BO%3DA HTTP/1.1" 200 512 "https://devoogel.net/SmStaffDogs?C=S%3BO%3DA" "Mozilla/5.0 (Linux; Android 7.0;) AppleWebKit/537.36 (KHTML, like Gecko) Mobile Safari/537.36 (compatible; PetalBot;+https://webmaster.petalsearch.com/site/petalbot)" "devoogel.net"
34.138.231.175 - - [16/Nov/2022:09:58:40 -0800] "GET /Chulucanas_Pot/ HTTP/1.1" 200 511 "-" "ZoominfoBot (zoominfobot at zoominfo dot com)" "www.devoogel.net"
114.119.147.13 - - [16/Nov/2022:10:02:01 -0800] "GET /ssl/BlueMeissen?C=M%3BO%3DA HTTP/1.1" 301 1430 "https://devoogel.net/ssl/BlueMeissen?C=S%3BO%3DA" "Mozilla/5.0 (Linux; Android 7.0;) AppleWebKit/537.36 (KHTML, like Gecko) Mobile Safari/537.36 (compatible; PetalBot;+https://webmaster.petalsearch.com/site/petalbot)" "devoogel.net"
114.119.147.13 - - [16/Nov/2022:10:02:02 -0800] "GET /ssl/BlueMeissen/?C=M%3BO%3DA HTTP/1.1" 200 578 "https://devoogel.net/ssl/BlueMeissen?C=S%3BO%3DA" "Mozilla/5.0 (Linux; Android 7.0;) AppleWebKit/537.36 (KHTML, like Gecko) Mobile Safari/537.36 (compatible; PetalBot;+https://webmaster.petalsearch.com/site/petalbot)" "devoogel.net"
34.138.231.175 - - [16/Nov/2022:10:03:00 -0800] "GET /AmberLamp/ HTTP/1.1" 200 535 "-" "ZoominfoBot (zoominfobot at zoominfo dot com)" "devoogel.net"
34.138.231.175 - - [16/Nov/2022:10:03:39 -0800] "GET /BrassCandle/ HTTP/1.1" 200 518 "-" "ZoominfoBot (zoominfobot at zoominfo dot com)" "www.devoogel.net"
114.119.147.129 - - [16/Nov/2022:10:07:37 -0800] "GET /ssl/BWPlateEmpirePink/?C=M%3BO%3DA HTTP/1.1" 200 551 "https://devoogel.net/ssl/BWPlateEmpirePink/" "Mozilla/5.0 (Linux; Android 7.0;) AppleWebKit/537.36 (KHTML, like Gecko) Mobile Safari/537.36 (compatible; PetalBot;+https://webmaster.petalsearch.com/site/petalbot)" "devoogel.net"
34.138.231.175 - - [16/Nov/2022:10:07:55 -0800] "GET /Boudoir_Lampshades/ HTTP/1.1" 200 616 "-" "ZoominfoBot (zoominfobot at zoominfo dot com)" "devoogel.net"
34.138.231.175 - - [16/Nov/2022:10:08:43 -0800] "GET /BrassDragon/ HTTP/1.1" 200 532 "-" "ZoominfoBot (zoominfobot at zoominfo dot com)" "www.devoogel.net"
34.138.231.175 - - [16/Nov/2022:10:11:50 -0800] "GET /?C=N;O=D HTTP/1.1" 200 1238 "-" "ZoominfoBot (zoominfobot at zoominfo dot com)" "www.devoogel.net"
114.119.147.166 - - [16/Nov/2022:10:13:12 -0800] "GET /ssl/CloisLetter?C=S%3BO%3DA HTTP/1.1" 301 1430 "https://devoogel.net/ssl/CloisLetter" "Mozilla/5.0 (Linux; Android 7.0;) AppleWebKit/537.36 (KHTML, like Gecko) Mobile Safari/537.36 (compatible; PetalBot;+https://webmaster.petalsearch.com/site/petalbot)" "devoogel.net"
114.119.147.166 - - [16/Nov/2022:10:13:13 -0800] "GET /ssl/CloisLetter/?C=S%3BO%3DA HTTP/1.1" 200 462 "https://devoogel.net/ssl/CloisLetter" "Mozilla/5.0 (Linux; Android 7.0;) AppleWebKit/537.36 (KHTML, like Gecko) Mobile Safari/537.36 (compatible; PetalBot;+https://webmaster.petalsearch.com/site/petalbot)" "devoogel.net"
34.138.231.175 - - [16/Nov/2022:10:14:23 -0800] "GET /Bronze_greyhound/ HTTP/1.1" 200 585 "-" "ZoominfoBot (zoominfobot at zoominfo dot com)" "devoogel.net"
34.138.231.175 - - [16/Nov/2022:10:15:25 -0800] "GET /Accent_pics/ HTTP/1.1" 200 1136 "-" "ZoominfoBot (zoominfobot at zoominfo dot com)" "www.devoogel.net"
114.119.147.150 - - [16/Nov/2022:10:18:52 -0800] "GET /ssl/CupSaucerCrownDucal HTTP/1.1" 301 1425 "https://devoogel.net/ssl?C=D%3BO%3DA" "Mozilla/5.0 (Linux; Android 7.0;) AppleWebKit/537.36 (KHTML, like Gecko) Mobile Safari/537.36 (compatible; PetalBot;+https://webmaster.petalsearch.com/site/petalbot)" "devoogel.net"
114.119.147.150 - - [16/Nov/2022:10:18:52 -0800] "GET /ssl/CupSaucerCrownDucal/ HTTP/1.1" 200 492 "https://devoogel.net/ssl?C=D%3BO%3DA" "Mozilla/5.0 (Linux; Android 7.0;) AppleWebKit/537.36 (KHTML, like Gecko) Mobile Safari/537.36 (compatible; PetalBot;+https://webmaster.petalsearch.com/site/petalbot)" "devoogel.net"
34.138.231.175 - - [16/Nov/2022:10:22:46 -0800] "GET /AWTeapot/ HTTP/1.1" 200 478 "-" "ZoominfoBot (zoominfobot at zoominfo dot com)" "devoogel.net"
114.119.147.166 - - [16/Nov/2022:10:24:27 -0800] "GET /ssl/BWC HTTP/1.1" 301 1412 "https://devoogel.net/ssl?C=N%3BO%3DD" "Mozilla/5.0 (Linux; Android 7.0;) AppleWebKit/537.36 (KHTML, like Gecko) Mobile Safari/537.36 (compatible; PetalBot;+https://webmaster.petalsearch.com/site/petalbot)" "devoogel.net"
114.119.147.166 - - [16/Nov/2022:10:24:28 -0800] "GET /ssl/BWC/ HTTP/1.1" 200 553 "https://devoogel.net/ssl?C=N%3BO%3DD" "Mozilla/5.0 (Linux; Android 7.0;) AppleWebKit/537.36 (KHTML, like Gecko) Mobile Safari/537.36 (compatible; PetalBot;+https://webmaster.petalsearch.com/site/petalbot)" "devoogel.net"
34.138.231.175 - - [16/Nov/2022:10:28:19 -0800] "GET /BlueKettle/ HTTP/1.1" 200 315 "-" "ZoominfoBot (zoominfobot at zoominfo dot com)" "devoogel.net"
34.138.231.175 - - [16/Nov/2022:10:29:39 -0800] "GET /CloisLetter/ HTTP/1.1" 200 462 "-" "ZoominfoBot (zoominfobot at zoominfo dot com)" "www.devoogel.net"
34.138.231.175 - - [16/Nov/2022:10:29:59 -0800] "GET /Bronze_greyhound/ HTTP/1.1" 200 585 "-" "ZoominfoBot (zoominfobot at zoominfo dot com)" "www.devoogel.net"
114.119.147.137 - - [16/Nov/2022:10:30:01 -0800] "GET /ssl/TeaSetRedKatani_6/?C=S%3BO%3DA HTTP/1.1" 200 558 "https://devoogel.net/ssl/TeaSetRedKatani_6/?C=M%3BO%3DA" "Mozilla/5.0 (Linux; Android 7.0;) AppleWebKit/537.36 (KHTML, like Gecko) Mobile Safari/537.36 (compatible; PetalBot;+https://webmaster.petalsearch.com/site/petalbot)" "devoogel.net"
114.119.147.166 - - [16/Nov/2022:10:35:34 -0800] "GET /?C=N%3BO%3DD HTTP/1.1" 200 1248 "https://devoogel.net/?C=M%3BO%3DA" "Mozilla/5.0 (Linux; Android 7.0;) AppleWebKit/537.36 (KHTML, like Gecko) Mobile Safari/537.36 (compatible; PetalBot;+https://webmaster.petalsearch.com/site/petalbot)" "devoogel.net"
34.138.231.175 - - [16/Nov/2022:10:36:54 -0800] "GET /?C=D;O=A HTTP/1.1" 200 1248 "-" "ZoominfoBot (zoominfobot at zoominfo dot com)" "www.devoogel.net"
34.138.231.175 - - [16/Nov/2022:10:37:55 -0800] "GET /Chulucanas_Pot/ HTTP/1.1" 200 511 "-" "ZoominfoBot (zoominfobot at zoominfo dot com)" "devoogel.net"
34.138.231.175 - - [16/Nov/2022:10:39:19 -0800] "GET /?C=M;O=A HTTP/1.1" 200 1239 "-" "ZoominfoBot (zoominfobot at zoominfo dot com)" "www.devoogel.net"
194.190.152.218 - - [16/Nov/2022:10:40:38 -0800] "GET / HTTP/1.1" 200 1248 "-" "Mozilla/5.0 (Windows NT 10.0; Win64; x64) AppleWebKit/537.36 (KHTML, like Gecko) Chrome/98.0.4758.102 Safari/537.36" "devoogel.net"
34.138.231.175 - - [16/Nov/2022:10:40:52 -0800] "GET /?C=S;O=A HTTP/1.1" 200 1248 "-" "ZoominfoBot (zoominfobot at zoominfo dot com)" "www.devoogel.net"
114.119.147.13 - - [16/Nov/2022:10:41:09 -0800] "GET /ssl/SpoonMelron?C=D%3BO%3DA HTTP/1.1" 301 1430 "https://devoogel.net/ssl/SpoonMelron?C=M%3BO%3DA" "Mozilla/5.0 (Linux; Android 7.0;) AppleWebKit/537.36 (KHTML, like Gecko) Mobile Safari/537.36 (compatible; PetalBot;+https://webmaster.petalsearch.com/site/petalbot)" "devoogel.net"
114.119.147.13 - - [16/Nov/2022:10:41:10 -0800] "GET /ssl/SpoonMelron/?C=D%3BO%3DA HTTP/1.1" 200 421 "https://devoogel.net/ssl/SpoonMelron?C=M%3BO%3DA" "Mozilla/5.0 (Linux; Android 7.0;) AppleWebKit/537.36 (KHTML, like Gecko) Mobile Safari/537.36 (compatible; PetalBot;+https://webmaster.petalsearch.com/site/petalbot)" "devoogel.net"
114.119.147.166 - - [16/Nov/2022:10:46:43 -0800] "GET /ssl/BWPitcherBowl?C=N%3BO%3DD HTTP/1.1" 301 1432 "https://devoogel.net/ssl/BWPitcherBowl?C=M%3BO%3DA" "Mozilla/5.0 (Linux; Android 7.0;) AppleWebKit/537.36 (KHTML, like Gecko) Mobile Safari/537.36 (compatible; PetalBot;+https://webmaster.petalsearch.com/site/petalbot)" "devoogel.net"
114.119.147.166 - - [16/Nov/2022:10:46:44 -0800] "GET /ssl/BWPitcherBowl/?C=N%3BO%3DD HTTP/1.1" 200 643 "https://devoogel.net/ssl/BWPitcherBowl?C=M%3BO%3DA" "Mozilla/5.0 (Linux; Android 7.0;) AppleWebKit/537.36 (KHTML, like Gecko) Mobile Safari/537.36 (compatible; PetalBot;+https://webmaster.petalsearch.com/site/petalbot)" "devoogel.net"
34.138.231.175 - - [16/Nov/2022:10:48:53 -0800] "GET /AmberLamp/ HTTP/1.1" 200 535 "-" "ZoominfoBot (zoominfobot at zoominfo dot com)" "www.devoogel.net"
114.119.147.152 - - [16/Nov/2022:10:52:16 -0800] "GET /ssl/BrassFinialLarge/?C=N%3BO%3DD HTTP/1.1" 200 438 "https://devoogel.net/ssl/BrassFinialLarge/" "Mozilla/5.0 (Linux; Android 7.0;) AppleWebKit/537.36 (KHTML, like Gecko) Mobile Safari/537.36 (compatible; PetalBot;+https://webmaster.petalsearch.com/site/petalbot)" "devoogel.net"
34.138.231.175 - - [16/Nov/2022:10:56:43 -0800] "GET /AsianPitcher/ HTTP/1.1" 200 522 "-" "ZoominfoBot (zoominfobot at zoominfo dot com)" "www.devoogel.net"
114.119.147.13 - - [16/Nov/2022:10:57:57 -0800] "GET /ssl/ChandelierTole/ HTTP/1.1" 200 445 "https://devoogel.net/ssl" "Mozilla/5.0 (Linux; Android 7.0;) AppleWebKit/537.36 (KHTML, like Gecko) Mobile Safari/537.36 (compatible; PetalBot;+https://webmaster.petalsearch.com/site/petalbot)" "devoogel.net"
114.119.147.137 - - [16/Nov/2022:11:03:28 -0800] "GET /ssl/PicVictBlueBack2?C=D%3BO%3DA HTTP/1.1" 301 1436 "https://devoogel.net/ssl/PicVictBlueBack2?C=N%3BO%3DD" "Mozilla/5.0 (Linux; Android 7.0;) AppleWebKit/537.36 (KHTML, like Gecko) Mobile Safari/537.36 (compatible; PetalBot;+https://webmaster.petalsearch.com/site/petalbot)" "devoogel.net"
114.119.147.137 - - [16/Nov/2022:11:03:29 -0800] "GET /ssl/PicVictBlueBack2/?C=D%3BO%3DA HTTP/1.1" 200 481 "https://devoogel.net/ssl/PicVictBlueBack2?C=N%3BO%3DD" "Mozilla/5.0 (Linux; Android 7.0;) AppleWebKit/537.36 (KHTML, like Gecko) Mobile Safari/537.36 (compatible; PetalBot;+https://webmaster.petalsearch.com/site/petalbot)" "devoogel.net"
114.119.147.166 - - [16/Nov/2022:11:09:00 -0800] "GET /ssl/PradaSunGlasses/?C=S%3BO%3DA HTTP/1.1" 200 494 "https://devoogel.net/ssl/PradaSunGlasses" "Mozilla/5.0 (Linux; Android 7.0;) AppleWebKit/537.36 (KHTML, like Gecko) Mobile Safari/537.36 (compatible; PetalBot;+https://webmaster.petalsearch.com/site/petalbot)" "devoogel.net"
114.119.147.150 - - [16/Nov/2022:11:14:24 -0800] "GET /ssl/TeaNoritakiGrn?C=D%3BO%3DA HTTP/1.1" 301 1433 "https://devoogel.net/ssl/TeaNoritakiGrn?C=S%3BO%3DA" "Mozilla/5.0 (Linux; Android 7.0;) AppleWebKit/537.36 (KHTML, like Gecko) Mobile Safari/537.36 (compatible; PetalBot;+https://webmaster.petalsearch.com/site/petalbot)" "devoogel.net"
114.119.147.150 - - [16/Nov/2022:11:14:25 -0800] "GET /ssl/TeaNoritakiGrn/?C=D%3BO%3DA HTTP/1.1" 200 461 "https://devoogel.net/ssl/TeaNoritakiGrn?C=S%3BO%3DA" "Mozilla/5.0 (Linux; Android 7.0;) AppleWebKit/537.36 (KHTML, like Gecko) Mobile Safari/537.36 (compatible; PetalBot;+https://webmaster.petalsearch.com/site/petalbot)" "devoogel.net"
114.119.147.152 - - [16/Nov/2022:11:19:48 -0800] "GET /ssl/TeaWarmer?C=S%3BO%3DA HTTP/1.1" 301 1429 "https://devoogel.net/ssl/TeaWarmer" "Mozilla/5.0 (Linux; Android 7.0;) AppleWebKit/537.36 (KHTML, like Gecko) Mobile Safari/537.36 (compatible; PetalBot;+https://webmaster.petalsearch.com/site/petalbot)" "devoogel.net"
114.119.147.152 - - [16/Nov/2022:11:19:49 -0800] "GET /ssl/TeaWarmer/?C=S%3BO%3DA HTTP/1.1" 200 593 "https://devoogel.net/ssl/TeaWarmer" "Mozilla/5.0 (Linux; Android 7.0;) AppleWebKit/537.36 (KHTML, like Gecko) Mobile Safari/537.36 (compatible; PetalBot;+https://webmaster.petalsearch.com/site/petalbot)" "devoogel.net"
114.119.147.150 - - [16/Nov/2022:11:25:15 -0800] "GET /Spice/?C=M%3BO%3DA HTTP/1.1" 200 544 "https://devoogel.net/Spice/?C=S%3BO%3DA" "Mozilla/5.0 (Linux; Android 7.0;) AppleWebKit/537.36 (KHTML, like Gecko) Mobile Safari/537.36 (compatible; PetalBot;+https://webmaster.petalsearch.com/site/petalbot)" "devoogel.net"
114.119.147.166 - - [16/Nov/2022:11:30:37 -0800] "GET /ssl/BWC?C=D%3BO%3DA HTTP/1.1" 301 1425 "https://devoogel.net/ssl/BWC" "Mozilla/5.0 (Linux; Android 7.0;) AppleWebKit/537.36 (KHTML, like Gecko) Mobile Safari/537.36 (compatible; PetalBot;+https://webmaster.petalsearch.com/site/petalbot)" "devoogel.net"
114.119.147.166 - - [16/Nov/2022:11:30:38 -0800] "GET /ssl/BWC/?C=D%3BO%3DA HTTP/1.1" 200 553 "https://devoogel.net/ssl/BWC" "Mozilla/5.0 (Linux; Android 7.0;) AppleWebKit/537.36 (KHTML, like Gecko) Mobile Safari/537.36 (compatible; PetalBot;+https://webmaster.petalsearch.com/site/petalbot)" "devoogel.net"
114.119.147.13 - - [16/Nov/2022:11:36:07 -0800] "GET /ssl/ItalianBox?C=S%3BO%3DA HTTP/1.1" 301 1429 "https://devoogel.net/ssl/ItalianBox?C=D%3BO%3DA" "Mozilla/5.0 (Linux; Android 7.0;) AppleWebKit/537.36 (KHTML, like Gecko) Mobile Safari/537.36 (compatible; PetalBot;+https://webmaster.petalsearch.com/site/petalbot)" "devoogel.net"
114.119.147.13 - - [16/Nov/2022:11:36:12 -0800] "GET /ssl/ItalianBox/?C=S%3BO%3DA HTTP/1.1" 200 444 "https://devoogel.net/ssl/ItalianBox?C=D%3BO%3DA" "Mozilla/5.0 (Linux; Android 7.0;) AppleWebKit/537.36 (KHTML, like Gecko) Mobile Safari/537.36 (compatible; PetalBot;+https://webmaster.petalsearch.com/site/petalbot)" "devoogel.net"
114.119.147.129 - - [16/Nov/2022:11:41:20 -0800] "GET /Bronze_greyhound/?C=S%3BO%3DA HTTP/1.1" 200 585 "https://www.devoogel.net/Bronze_greyhound/" "Mozilla/5.0 (Linux; Android 7.0;) AppleWebKit/537.36 (KHTML, like Gecko) Mobile Safari/537.36 (compatible; PetalBot;+https://webmaster.petalsearch.com/site/petalbot)" "www.devoogel.net"
114.119.147.150 - - [16/Nov/2022:11:46:41 -0800] "GET /Glass_orb/?C=N%3BO%3DD HTTP/1.1" 200 503 "https://devoogel.net/Glass_orb/?C=D%3BO%3DA" "Mozilla/5.0 (Linux; Android 7.0;) AppleWebKit/537.36 (KHTML, like Gecko) Mobile Safari/537.36 (compatible; PetalBot;+https://webmaster.petalsearch.com/site/petalbot)" "devoogel.net"
114.119.147.152 - - [16/Nov/2022:11:51:58 -0800] "GET /ssl/SpoonMCConnerSterl HTTP/1.1" 301 1422 "https://devoogel.net/ssl?C=D%3BO%3DA" "Mozilla/5.0 (Linux; Android 7.0;) AppleWebKit/537.36 (KHTML, like Gecko) Mobile Safari/537.36 (compatible; PetalBot;+https://webmaster.petalsearch.com/site/petalbot)" "devoogel.net"
114.119.147.152 - - [16/Nov/2022:11:52:00 -0800] "GET /ssl/SpoonMCConnerSterl/ HTTP/1.1" 200 434 "https://devoogel.net/ssl?C=D%3BO%3DA" "Mozilla/5.0 (Linux; Android 7.0;) AppleWebKit/537.36 (KHTML, like Gecko) Mobile Safari/537.36 (compatible; PetalBot;+https://webmaster.petalsearch.com/site/petalbot)" "devoogel.net"
114.119.147.166 - - [16/Nov/2022:11:57:12 -0800] "GET /ssl/CaseOstrich?C=M%3BO%3DA HTTP/1.1" 301 1429 "https://devoogel.net/ssl/CaseOstrich?C=N%3BO%3DD" "Mozilla/5.0 (Linux; Android 7.0;) AppleWebKit/537.36 (KHTML, like Gecko) Mobile Safari/537.36 (compatible; PetalBot;+https://webmaster.petalsearch.com/site/petalbot)" "devoogel.net"
114.119.147.166 - - [16/Nov/2022:11:57:13 -0800] "GET /ssl/CaseOstrich/?C=M%3BO%3DA HTTP/1.1" 200 521 "https://devoogel.net/ssl/CaseOstrich?C=N%3BO%3DD" "Mozilla/5.0 (Linux; Android 7.0;) AppleWebKit/537.36 (KHTML, like Gecko) Mobile Safari/537.36 (compatible; PetalBot;+https://webmaster.petalsearch.com/site/petalbot)" "devoogel.net"
114.119.147.166 - - [16/Nov/2022:12:02:24 -0800] "GET /ssl/MeshBag?C=M%3BO%3DA HTTP/1.1" 301 1428 "https://devoogel.net/ssl/MeshBag" "Mozilla/5.0 (Linux; Android 7.0;) AppleWebKit/537.36 (KHTML, like Gecko) Mobile Safari/537.36 (compatible; PetalBot;+https://webmaster.petalsearch.com/site/petalbot)" "devoogel.net"
114.119.147.166 - - [16/Nov/2022:12:02:25 -0800] "GET /ssl/MeshBag/?C=M%3BO%3DA HTTP/1.1" 200 460 "https://devoogel.net/ssl/MeshBag" "Mozilla/5.0 (Linux; Android 7.0;) AppleWebKit/537.36 (KHTML, like Gecko) Mobile Safari/537.36 (compatible; PetalBot;+https://webmaster.petalsearch.com/site/petalbot)" "devoogel.net"
114.119.147.129 - - [16/Nov/2022:12:07:38 -0800] "GET /ssl/Carp?C=M%3BO%3DA HTTP/1.1" 301 1425 "https://devoogel.net/ssl/Carp?C=S%3BO%3DA" "Mozilla/5.0 (Linux; Android 7.0;) AppleWebKit/537.36 (KHTML, like Gecko) Mobile Safari/537.36 (compatible; PetalBot;+https://webmaster.petalsearch.com/site/petalbot)" "devoogel.net"
114.119.147.129 - - [16/Nov/2022:12:07:39 -0800] "GET /ssl/Carp/?C=M%3BO%3DA HTTP/1.1" 200 754 "https://devoogel.net/ssl/Carp?C=S%3BO%3DA" "Mozilla/5.0 (Linux; Android 7.0;) AppleWebKit/537.36 (KHTML, like Gecko) Mobile Safari/537.36 (compatible; PetalBot;+https://webmaster.petalsearch.com/site/petalbot)" "devoogel.net"
114.119.147.166 - - [16/Nov/2022:12:12:45 -0800] "GET /ssl/BenningtonBlueSponge_1/?C=S%3BO%3DA HTTP/1.1" 200 459 "https://devoogel.net/ssl/BenningtonBlueSponge_1" "Mozilla/5.0 (Linux; Android 7.0;) AppleWebKit/537.36 (KHTML, like Gecko) Mobile Safari/537.36 (compatible; PetalBot;+https://webmaster.petalsearch.com/site/petalbot)" "devoogel.net"
114.119.147.166 - - [16/Nov/2022:12:18:06 -0800] "GET /ssl/PicCharlieChan/?C=M%3BO%3DA HTTP/1.1" 200 471 "https://devoogel.net/ssl/PicCharlieChan/?C=S%3BO%3DA" "Mozilla/5.0 (Linux; Android 7.0;) AppleWebKit/537.36 (KHTML, like Gecko) Mobile Safari/537.36 (compatible; PetalBot;+https://webmaster.petalsearch.com/site/petalbot)" "devoogel.net"
114.119.147.166 - - [16/Nov/2022:12:23:13 -0800] "GET /HerringBowl/ HTTP/1.1" 200 315 "https://devoogel.net/?C=M%3BO%3DA" "Mozilla/5.0 (Linux; Android 7.0;) AppleWebKit/537.36 (KHTML, like Gecko) Mobile Safari/537.36 (compatible; PetalBot;+https://webmaster.petalsearch.com/site/petalbot)" "devoogel.net"
114.119.147.129 - - [16/Nov/2022:12:28:28 -0800] "GET /ssl/PicSmGreen/?C=D%3BO%3DA HTTP/1.1" 200 422 "https://devoogel.net/ssl/PicSmGreen/?C=S%3BO%3DA" "Mozilla/5.0 (Linux; Android 7.0;) AppleWebKit/537.36 (KHTML, like Gecko) Mobile Safari/537.36 (compatible; PetalBot;+https://webmaster.petalsearch.com/site/petalbot)" "devoogel.net"
114.119.147.166 - - [16/Nov/2022:12:33:45 -0800] "GET /ssl/MilkBottle/?C=D%3BO%3DA HTTP/1.1" 200 402 "https://devoogel.net/ssl/MilkBottle" "Mozilla/5.0 (Linux; Android 7.0;) AppleWebKit/537.36 (KHTML, like Gecko) Mobile Safari/537.36 (compatible; PetalBot;+https://webmaster.petalsearch.com/site/petalbot)" "devoogel.net"
114.119.147.166 - - [16/Nov/2022:12:39:06 -0800] "GET /ssl/TeaWarmer/?C=N%3BO%3DD HTTP/1.1" 200 593 "https://devoogel.net/ssl/TeaWarmer?C=N%3BO%3DD" "Mozilla/5.0 (Linux; Android 7.0;) AppleWebKit/537.36 (KHTML, like Gecko) Mobile Safari/537.36 (compatible; PetalBot;+https://webmaster.petalsearch.com/site/petalbot)" "devoogel.net"
114.119.147.166 - - [16/Nov/2022:12:44:30 -0800] "GET /ssl/Whiskey?C=M%3BO%3DA HTTP/1.1" 301 1428 "https://devoogel.net/ssl/Whiskey" "Mozilla/5.0 (Linux; Android 7.0;) AppleWebKit/537.36 (KHTML, like Gecko) Mobile Safari/537.36 (compatible; PetalBot;+https://webmaster.petalsearch.com/site/petalbot)" "devoogel.net"
114.119.147.166 - - [16/Nov/2022:12:44:31 -0800] "GET /ssl/Whiskey/?C=M%3BO%3DA HTTP/1.1" 200 474 "https://devoogel.net/ssl/Whiskey" "Mozilla/5.0 (Linux; Android 7.0;) AppleWebKit/537.36 (KHTML, like Gecko) Mobile Safari/537.36 (compatible; PetalBot;+https://webmaster.petalsearch.com/site/petalbot)" "devoogel.net"
114.119.147.152 - - [16/Nov/2022:12:49:56 -0800] "GET /ssl/SpoonMCConnerSterl?C=S%3BO%3DA HTTP/1.1" 301 1436 "https://devoogel.net/ssl/SpoonMCConnerSterl?C=D%3BO%3DA" "Mozilla/5.0 (Linux; Android 7.0;) AppleWebKit/537.36 (KHTML, like Gecko) Mobile Safari/537.36 (compatible; PetalBot;+https://webmaster.petalsearch.com/site/petalbot)" "devoogel.net"
114.119.147.152 - - [16/Nov/2022:12:49:57 -0800] "GET /ssl/SpoonMCConnerSterl/?C=S%3BO%3DA HTTP/1.1" 200 434 "https://devoogel.net/ssl/SpoonMCConnerSterl?C=D%3BO%3DA" "Mozilla/5.0 (Linux; Android 7.0;) AppleWebKit/537.36 (KHTML, like Gecko) Mobile Safari/537.36 (compatible; PetalBot;+https://webmaster.petalsearch.com/site/petalbot)" "devoogel.net"
114.119.147.13 - - [16/Nov/2022:12:55:20 -0800] "GET /ssl/FishForkSpoon HTTP/1.1" 301 1419 "https://devoogel.net/ssl?C=D%3BO%3DA" "Mozilla/5.0 (Linux; Android 7.0;) AppleWebKit/537.36 (KHTML, like Gecko) Mobile Safari/537.36 (compatible; PetalBot;+https://webmaster.petalsearch.com/site/petalbot)" "devoogel.net"
114.119.147.13 - - [16/Nov/2022:12:55:21 -0800] "GET /ssl/FishForkSpoon/ HTTP/1.1" 200 554 "https://devoogel.net/ssl?C=D%3BO%3DA" "Mozilla/5.0 (Linux; Android 7.0;) AppleWebKit/537.36 (KHTML, like Gecko) Mobile Safari/537.36 (compatible; PetalBot;+https://webmaster.petalsearch.com/site/petalbot)" "devoogel.net"
114.119.147.137 - - [16/Nov/2022:13:00:45 -0800] "GET /ssl/BWGlassware/?C=N%3BO%3DD HTTP/1.1" 200 442 "https://devoogel.net/ssl/BWGlassware/?C=S%3BO%3DA" "Mozilla/5.0 (Linux; Android 7.0;) AppleWebKit/537.36 (KHTML, like Gecko) Mobile Safari/537.36 (compatible; PetalBot;+https://webmaster.petalsearch.com/site/petalbot)" "devoogel.net"
114.119.147.13 - - [16/Nov/2022:13:06:14 -0800] "GET /AsianPitcher/?C=S%3BO%3DA HTTP/1.1" 200 522 "https://devoogel.net/AsianPitcher" "Mozilla/5.0 (Linux; Android 7.0;) AppleWebKit/537.36 (KHTML, like Gecko) Mobile Safari/537.36 (compatible; PetalBot;+https://webmaster.petalsearch.com/site/petalbot)" "devoogel.net"
114.119.147.150 - - [16/Nov/2022:13:11:50 -0800] "GET /RedCar/?C=S%3BO%3DA HTTP/1.1" 200 443 "https://devoogel.net/RedCar?C=N%3BO%3DD" "Mozilla/5.0 (Linux; Android 7.0;) AppleWebKit/537.36 (KHTML, like Gecko) Mobile Safari/537.36 (compatible; PetalBot;+https://webmaster.petalsearch.com/site/petalbot)" "devoogel.net"
114.119.147.129 - - [16/Nov/2022:13:17:26 -0800] "GET /ssl/TeaNoritakiGrn?C=N%3BO%3DD HTTP/1.1" 301 1433 "https://devoogel.net/ssl/TeaNoritakiGrn?C=S%3BO%3DA" "Mozilla/5.0 (Linux; Android 7.0;) AppleWebKit/537.36 (KHTML, like Gecko) Mobile Safari/537.36 (compatible; PetalBot;+https://webmaster.petalsearch.com/site/petalbot)" "devoogel.net"
114.119.147.129 - - [16/Nov/2022:13:17:27 -0800] "GET /ssl/TeaNoritakiGrn/?C=N%3BO%3DD HTTP/1.1" 200 461 "https://devoogel.net/ssl/TeaNoritakiGrn?C=S%3BO%3DA" "Mozilla/5.0 (Linux; Android 7.0;) AppleWebKit/537.36 (KHTML, like Gecko) Mobile Safari/537.36 (compatible; PetalBot;+https://webmaster.petalsearch.com/site/petalbot)" "devoogel.net"
77.88.5.126 - - [16/Nov/2022:13:22:13 -0800] "GET /robots.txt HTTP/1.1" 404 73 "-" "Mozilla/5.0 (compatible; YandexBot/3.0; +http://yandex.com/bots)" "www.devoogel.net"
77.88.5.253 - - [16/Nov/2022:13:22:17 -0800] "GET / HTTP/1.1" 200 1248 "-" "Mozilla/5.0 (compatible; YandexBot/3.0; +http://yandex.com/bots)" "www.devoogel.net"
77.88.5.245 - - [16/Nov/2022:13:22:29 -0800] "GET /robots.txt HTTP/1.1" 404 73 "-" "Mozilla/5.0 (compatible; YandexBot/3.0; +http://yandex.com/bots)" "devoogel.net"
77.88.5.46 - - [16/Nov/2022:13:22:34 -0800] "GET / HTTP/1.1" 200 1248 "-" "Mozilla/5.0 (compatible; YandexBot/3.0; +http://yandex.com/bots)" "devoogel.net"
114.119.147.150 - - [16/Nov/2022:13:23:08 -0800] "GET /ssl/JoBrosDinner4/ HTTP/1.1" 200 440 "https://devoogel.net/ssl" "Mozilla/5.0 (Linux; Android 7.0;) AppleWebKit/537.36 (KHTML, like Gecko) Mobile Safari/537.36 (compatible; PetalBot;+https://webmaster.petalsearch.com/site/petalbot)" "devoogel.net"
114.119.147.166 - - [16/Nov/2022:13:28:49 -0800] "GET /ssl/FlatwareBlueHandle/ HTTP/1.1" 200 455 "https://devoogel.net/ssl" "Mozilla/5.0 (Linux; Android 7.0;) AppleWebKit/537.36 (KHTML, like Gecko) Mobile Safari/537.36 (compatible; PetalBot;+https://webmaster.petalsearch.com/site/petalbot)" "devoogel.net"
114.119.147.166 - - [16/Nov/2022:13:34:30 -0800] "GET /ssl/StaffWhite?C=D%3BO%3DA HTTP/1.1" 301 1429 "https://devoogel.net/ssl/StaffWhite?C=N%3BO%3DD" "Mozilla/5.0 (Linux; Android 7.0;) AppleWebKit/537.36 (KHTML, like Gecko) Mobile Safari/537.36 (compatible; PetalBot;+https://webmaster.petalsearch.com/site/petalbot)" "devoogel.net"
114.119.147.166 - - [16/Nov/2022:13:34:31 -0800] "GET /ssl/StaffWhite/?C=D%3BO%3DA HTTP/1.1" 200 530 "https://devoogel.net/ssl/StaffWhite?C=N%3BO%3DD" "Mozilla/5.0 (Linux; Android 7.0;) AppleWebKit/537.36 (KHTML, like Gecko) Mobile Safari/537.36 (compatible; PetalBot;+https://webmaster.petalsearch.com/site/petalbot)" "devoogel.net"
114.119.147.129 - - [16/Nov/2022:13:40:08 -0800] "GET /ssl/GlassSherbet/ HTTP/1.1" 200 422 "https://devoogel.net/ssl" "Mozilla/5.0 (Linux; Android 7.0;) AppleWebKit/537.36 (KHTML, like Gecko) Mobile Safari/537.36 (compatible; PetalBot;+https://webmaster.petalsearch.com/site/petalbot)" "devoogel.net"
114.119.147.137 - - [16/Nov/2022:13:45:42 -0800] "GET /ssl/BWBowlJapandamage?C=M%3BO%3DA HTTP/1.1" 301 1435 "https://devoogel.net/ssl/BWBowlJapandamage?C=D%3BO%3DA" "Mozilla/5.0 (Linux; Android 7.0;) AppleWebKit/537.36 (KHTML, like Gecko) Mobile Safari/537.36 (compatible; PetalBot;+https://webmaster.petalsearch.com/site/petalbot)" "devoogel.net"
114.119.147.137 - - [16/Nov/2022:13:45:43 -0800] "GET /ssl/BWBowlJapandamage/?C=M%3BO%3DA HTTP/1.1" 200 411 "https://devoogel.net/ssl/BWBowlJapandamage?C=D%3BO%3DA" "Mozilla/5.0 (Linux; Android 7.0;) AppleWebKit/537.36 (KHTML, like Gecko) Mobile Safari/537.36 (compatible; PetalBot;+https://webmaster.petalsearch.com/site/petalbot)" "devoogel.net"
